{"id":6502,"date":"2017-11-07T13:57:45","date_gmt":"2017-11-07T15:57:45","guid":{"rendered":"http:\/\/totallubri.com.br\/?post_type=product&#038;p=6502"},"modified":"2024-12-01T22:03:04","modified_gmt":"2024-12-02T01:03:04","slug":"kit-propulsora-pneumatica-oleo-duplo-efeito-1953-pressol","status":"publish","type":"product","link":"https:\/\/totallubri.com.br\/?product=kit-propulsora-pneumatica-oleo-duplo-efeito-1953-pressol","title":{"rendered":"KIT PROPULSORA PNEUM\u00c1TICA \u00d3LEO \/ DUPLO EFEITO &#8211; 1953 &#8211; PRESSOL"},"content":{"rendered":"<h1><small>Cod: 1953<\/small><\/h1>\n<p class=\"lead\">&#8211; Em Alum\u00ednio<br \/>\n&#8211; Para \u00d3leo Lubrificante at\u00e9 SAE 140<br \/>\n&#8211; Press\u00e3o de Trabalho de 30 a 115 PSI &#8211; 2 a 8 Bar<br \/>\n&#8211; Press\u00e3o de Sa\u00edda de \u00d3leo de 150 a 575 PSI &#8211; 10 a 40 Bar<br \/>\n&#8211; Dupla A\u00e7\u00e3o (Opera nos Dois Sentidos de Acionamento do Pist\u00e3o)<\/p>\n<p>Acompanha:<br \/>\n&#8211; Lubrifil, Suporte de Parede, V\u00e1lvula Antirretorno, Mangueira 3\/4&#8243; e Cano de Suc\u00e7\u00e3o<\/p>\n<p><img loading=\"lazy\" decoding=\"async\" class=\" wp-image-6505 aligncenter\" src=\"http:\/\/totallubri.com.br\/wp-content\/uploads\/2017\/11\/1953-300x121.jpg\" alt=\"1953\" width=\"484\" height=\"195\" srcset=\"https:\/\/totallubri.com.br\/wp-content\/uploads\/2017\/11\/1953-300x121.jpg 300w, https:\/\/totallubri.com.br\/wp-content\/uploads\/2017\/11\/1953-400x162.jpg 400w, https:\/\/totallubri.com.br\/wp-content\/uploads\/2017\/11\/1953-768x310.jpg 768w, https:\/\/totallubri.com.br\/wp-content\/uploads\/2017\/11\/1953.jpg 1007w\" sizes=\"auto, (max-width: 484px) 100vw, 484px\" \/><\/p>\n","protected":false},"excerpt":{"rendered":"<p>Cod: 1953 &#8211; Em Alum\u00ednio &#8211; Para \u00d3leo Lubrificante at\u00e9 SAE 140 &#8211; Press\u00e3o de Trabalho de 30 a 115 PSI &#8211; 2 a 8 Bar &#8211; Press\u00e3o de Sa\u00edda de \u00d3leo de 150 a 575 PSI &#8211; 10 a 40 Bar &#8211; Dupla A\u00e7\u00e3o (Opera nos Dois Sentidos de Acionamento do Pist\u00e3o) Acompanha: &#8211; [&hellip;]<\/p>\n","protected":false},"featured_media":6503,"comment_status":"open","ping_status":"closed","template":"","meta":{"_exactmetrics_skip_tracking":false,"_exactmetrics_sitenote_active":false,"_exactmetrics_sitenote_note":"","_exactmetrics_sitenote_category":0},"product_brand":[],"product_cat":[110],"product_tag":[],"class_list":{"0":"post-6502","1":"product","2":"type-product","3":"status-publish","4":"has-post-thumbnail","6":"product_cat-propulsora-pneumatica-para-oleo","8":"first","9":"instock","10":"shipping-taxable","11":"product-type-simple"},"_links":{"self":[{"href":"https:\/\/totallubri.com.br\/index.php?rest_route=\/wp\/v2\/product\/6502","targetHints":{"allow":["GET"]}}],"collection":[{"href":"https:\/\/totallubri.com.br\/index.php?rest_route=\/wp\/v2\/product"}],"about":[{"href":"https:\/\/totallubri.com.br\/index.php?rest_route=\/wp\/v2\/types\/product"}],"replies":[{"embeddable":true,"href":"https:\/\/totallubri.com.br\/index.php?rest_route=%2Fwp%2Fv2%2Fcomments&post=6502"}],"wp:featuredmedia":[{"embeddable":true,"href":"https:\/\/totallubri.com.br\/index.php?rest_route=\/wp\/v2\/media\/6503"}],"wp:attachment":[{"href":"https:\/\/totallubri.com.br\/index.php?rest_route=%2Fwp%2Fv2%2Fmedia&parent=6502"}],"wp:term":[{"taxonomy":"product_brand","embeddable":true,"href":"https:\/\/totallubri.com.br\/index.php?rest_route=%2Fwp%2Fv2%2Fproduct_brand&post=6502"},{"taxonomy":"product_cat","embeddable":true,"href":"https:\/\/totallubri.com.br\/index.php?rest_route=%2Fwp%2Fv2%2Fproduct_cat&post=6502"},{"taxonomy":"product_tag","embeddable":true,"href":"https:\/\/totallubri.com.br\/index.php?rest_route=%2Fwp%2Fv2%2Fproduct_tag&post=6502"}],"curies":[{"name":"wp","href":"https:\/\/api.w.org\/{rel}","templated":true}]}}