{"id":6549,"date":"2017-11-09T10:45:17","date_gmt":"2017-11-09T12:45:17","guid":{"rendered":"http:\/\/totallubri.com.br\/?post_type=product&#038;p=6549"},"modified":"2024-12-09T11:56:58","modified_gmt":"2024-12-09T14:56:58","slug":"unidade-movel-penumatica-oleo-3993-pressol","status":"publish","type":"product","link":"https:\/\/totallubri.com.br\/?product=unidade-movel-penumatica-oleo-3993-pressol","title":{"rendered":"UNIDADE M\u00d3VEL PENUM\u00c1TICA \u00d3LEO &#8211; 3993 &#8211; PRESSOL"},"content":{"rendered":"<h1><small>Cod: 3993<\/small><\/h1>\n<p class=\"lead\">&#8211; Em Alum\u00ednio\/A\u00e7o<br \/>\n&#8211; Para \u00d3leo Lubrificante at\u00e9 SAE 90<br \/>\n&#8211; Press\u00e3o de Trabalho de 30 a 115 PSI &#8211; 2 a 8 Bar<br \/>\n&#8211; Press\u00e3o de Sa\u00edda de \u00d3leo de 20 Bar<\/p>\n<p>Acompanha:<br \/>\n&#8211; Lubrifil, Carrinho para Tambor, Balde, Mangueira 1\/2&#8243;, V\u00e1lvula Controle de \u00d3leo e V\u00e1lvula Antirretorno<\/p>\n","protected":false},"excerpt":{"rendered":"<p>Cod: 3993 &#8211; Em Alum\u00ednio\/A\u00e7o &#8211; Para \u00d3leo Lubrificante at\u00e9 SAE 90 &#8211; Press\u00e3o de Trabalho de 30 a 115 PSI &#8211; 2 a 8 Bar &#8211; Press\u00e3o de Sa\u00edda de \u00d3leo de 20 Bar Acompanha: &#8211; Lubrifil, Carrinho para Tambor, Balde, Mangueira 1\/2&#8243;, V\u00e1lvula Controle de \u00d3leo e V\u00e1lvula Antirretorno<\/p>\n","protected":false},"featured_media":6550,"comment_status":"open","ping_status":"closed","template":"","meta":{"_exactmetrics_skip_tracking":false,"_exactmetrics_sitenote_active":false,"_exactmetrics_sitenote_note":"","_exactmetrics_sitenote_category":0},"product_brand":[],"product_cat":[116],"product_tag":[],"class_list":{"0":"post-6549","1":"product","2":"type-product","3":"status-publish","4":"has-post-thumbnail","6":"product_cat-unidade-movel","8":"first","9":"instock","10":"shipping-taxable","11":"product-type-simple"},"_links":{"self":[{"href":"https:\/\/totallubri.com.br\/index.php?rest_route=\/wp\/v2\/product\/6549","targetHints":{"allow":["GET"]}}],"collection":[{"href":"https:\/\/totallubri.com.br\/index.php?rest_route=\/wp\/v2\/product"}],"about":[{"href":"https:\/\/totallubri.com.br\/index.php?rest_route=\/wp\/v2\/types\/product"}],"replies":[{"embeddable":true,"href":"https:\/\/totallubri.com.br\/index.php?rest_route=%2Fwp%2Fv2%2Fcomments&post=6549"}],"wp:featuredmedia":[{"embeddable":true,"href":"https:\/\/totallubri.com.br\/index.php?rest_route=\/wp\/v2\/media\/6550"}],"wp:attachment":[{"href":"https:\/\/totallubri.com.br\/index.php?rest_route=%2Fwp%2Fv2%2Fmedia&parent=6549"}],"wp:term":[{"taxonomy":"product_brand","embeddable":true,"href":"https:\/\/totallubri.com.br\/index.php?rest_route=%2Fwp%2Fv2%2Fproduct_brand&post=6549"},{"taxonomy":"product_cat","embeddable":true,"href":"https:\/\/totallubri.com.br\/index.php?rest_route=%2Fwp%2Fv2%2Fproduct_cat&post=6549"},{"taxonomy":"product_tag","embeddable":true,"href":"https:\/\/totallubri.com.br\/index.php?rest_route=%2Fwp%2Fv2%2Fproduct_tag&post=6549"}],"curies":[{"name":"wp","href":"https:\/\/api.w.org\/{rel}","templated":true}]}}