{"id":6587,"date":"2017-11-13T15:12:36","date_gmt":"2017-11-13T17:12:36","guid":{"rendered":"http:\/\/totallubri.com.br\/?post_type=product&#038;p=6587"},"modified":"2024-12-02T13:41:40","modified_gmt":"2024-12-02T16:41:40","slug":"kit-para-contentor-de-oleo-com-propulsora-6379-flexbimec","status":"publish","type":"product","link":"https:\/\/totallubri.com.br\/?product=kit-para-contentor-de-oleo-com-propulsora-6379-flexbimec","title":{"rendered":"KIT PARA CONTENTOR DE \u00d3LEO COM PROPULSORA &#8211; 6379 &#8211; FLEXBIMEC"},"content":{"rendered":"<h1><small>Cod: 6379<\/small><\/h1>\n<p class=\"lead\">&#8211; Em Alum\u00ednio\/A\u00e7o<br \/>\n&#8211; Para \u00d3leo Lubrificante at\u00e9 SAE 90<br \/>\n&#8211; Press\u00e3o de Trabalho de 30 a 115 PSI &#8211; 2 a 8 Bar<br \/>\n&#8211; Press\u00e3o de Sa\u00edda de \u00d3leo de 90 a 345 PSI &#8211; 6 a 24 Bar<\/p>\n<p>Acompanha:<br \/>\n&#8211; Lubrifil, Chapa para Contentor, Suporte de Parede, Mangueira 1\/2&#8243;,<br \/>\nMedidor Digital, Cano de Suc\u00e7\u00e3o e Filtro Y<\/p>\n<p>Obs.: Aferido<\/p>\n","protected":false},"excerpt":{"rendered":"<p>Cod: 6379 &#8211; Em Alum\u00ednio\/A\u00e7o &#8211; Para \u00d3leo Lubrificante at\u00e9 SAE 90 &#8211; Press\u00e3o de Trabalho de 30 a 115 PSI &#8211; 2 a 8 Bar &#8211; Press\u00e3o de Sa\u00edda de \u00d3leo de 90 a 345 PSI &#8211; 6 a 24 Bar Acompanha: &#8211; Lubrifil, Chapa para Contentor, Suporte de Parede, Mangueira 1\/2&#8243;, Medidor Digital, [&hellip;]<\/p>\n","protected":false},"featured_media":6588,"comment_status":"open","ping_status":"closed","template":"","meta":{"_exactmetrics_skip_tracking":false,"_exactmetrics_sitenote_active":false,"_exactmetrics_sitenote_note":"","_exactmetrics_sitenote_category":0},"product_brand":[],"product_cat":[113],"product_tag":[],"class_list":{"0":"post-6587","1":"product","2":"type-product","3":"status-publish","4":"has-post-thumbnail","6":"product_cat-reservatorio-ibc-e-sistema-de-armazenamento","8":"first","9":"instock","10":"shipping-taxable","11":"product-type-simple"},"_links":{"self":[{"href":"https:\/\/totallubri.com.br\/index.php?rest_route=\/wp\/v2\/product\/6587","targetHints":{"allow":["GET"]}}],"collection":[{"href":"https:\/\/totallubri.com.br\/index.php?rest_route=\/wp\/v2\/product"}],"about":[{"href":"https:\/\/totallubri.com.br\/index.php?rest_route=\/wp\/v2\/types\/product"}],"replies":[{"embeddable":true,"href":"https:\/\/totallubri.com.br\/index.php?rest_route=%2Fwp%2Fv2%2Fcomments&post=6587"}],"wp:featuredmedia":[{"embeddable":true,"href":"https:\/\/totallubri.com.br\/index.php?rest_route=\/wp\/v2\/media\/6588"}],"wp:attachment":[{"href":"https:\/\/totallubri.com.br\/index.php?rest_route=%2Fwp%2Fv2%2Fmedia&parent=6587"}],"wp:term":[{"taxonomy":"product_brand","embeddable":true,"href":"https:\/\/totallubri.com.br\/index.php?rest_route=%2Fwp%2Fv2%2Fproduct_brand&post=6587"},{"taxonomy":"product_cat","embeddable":true,"href":"https:\/\/totallubri.com.br\/index.php?rest_route=%2Fwp%2Fv2%2Fproduct_cat&post=6587"},{"taxonomy":"product_tag","embeddable":true,"href":"https:\/\/totallubri.com.br\/index.php?rest_route=%2Fwp%2Fv2%2Fproduct_tag&post=6587"}],"curies":[{"name":"wp","href":"https:\/\/api.w.org\/{rel}","templated":true}]}}