{"id":6756,"date":"2018-02-23T17:34:12","date_gmt":"2018-02-23T20:34:12","guid":{"rendered":"http:\/\/totallubri.com.br\/?post_type=product&#038;p=6756"},"modified":"2024-12-22T14:24:51","modified_gmt":"2024-12-22T17:24:51","slug":"almotolia-para-oleo-550ml-2550","status":"publish","type":"product","link":"https:\/\/totallubri.com.br\/?product=almotolia-para-oleo-550ml-2550","title":{"rendered":"ALMOTOLIA PARA \u00d3LEO 550ml \u2013 2550-BOZZA"},"content":{"rendered":"<div>Indicado para pequenas aplica\u00e7\u00f5es de \u00f3leos lubrificantes onde n\u00e3o \u00e9 exigido controle criterioso da quantidade de lubrificante aplicado.<\/div>\n<div><\/div>\n<div><strong>Caracter\u00edsticas<\/strong><\/div>\n<div>| Bomba manual para \u00f3leo<\/div>\n<div>| Bico r\u00edgido<\/div>\n<div><\/div>\n<div><strong>Dados T\u00e9cnicos<\/strong><\/div>\n<div>| Capacidade 550ml<\/div>\n<div><\/div>\n","protected":false},"excerpt":{"rendered":"<p>Indicado para pequenas aplica\u00e7\u00f5es de \u00f3leos lubrificantes onde n\u00e3o \u00e9 exigido controle criterioso da quantidade de lubrificante aplicado. Caracter\u00edsticas | Bomba manual para \u00f3leo | Bico r\u00edgido Dados T\u00e9cnicos | Capacidade 550ml<\/p>\n","protected":false},"featured_media":6757,"comment_status":"open","ping_status":"closed","template":"","meta":{"_exactmetrics_skip_tracking":false,"_exactmetrics_sitenote_active":false,"_exactmetrics_sitenote_note":"","_exactmetrics_sitenote_category":0},"product_brand":[],"product_cat":[99],"product_tag":[],"class_list":{"0":"post-6756","1":"product","2":"type-product","3":"status-publish","4":"has-post-thumbnail","6":"product_cat-bomba-manual-para-liquidos","8":"first","9":"instock","10":"shipping-taxable","11":"product-type-simple"},"_links":{"self":[{"href":"https:\/\/totallubri.com.br\/index.php?rest_route=\/wp\/v2\/product\/6756","targetHints":{"allow":["GET"]}}],"collection":[{"href":"https:\/\/totallubri.com.br\/index.php?rest_route=\/wp\/v2\/product"}],"about":[{"href":"https:\/\/totallubri.com.br\/index.php?rest_route=\/wp\/v2\/types\/product"}],"replies":[{"embeddable":true,"href":"https:\/\/totallubri.com.br\/index.php?rest_route=%2Fwp%2Fv2%2Fcomments&post=6756"}],"wp:featuredmedia":[{"embeddable":true,"href":"https:\/\/totallubri.com.br\/index.php?rest_route=\/wp\/v2\/media\/6757"}],"wp:attachment":[{"href":"https:\/\/totallubri.com.br\/index.php?rest_route=%2Fwp%2Fv2%2Fmedia&parent=6756"}],"wp:term":[{"taxonomy":"product_brand","embeddable":true,"href":"https:\/\/totallubri.com.br\/index.php?rest_route=%2Fwp%2Fv2%2Fproduct_brand&post=6756"},{"taxonomy":"product_cat","embeddable":true,"href":"https:\/\/totallubri.com.br\/index.php?rest_route=%2Fwp%2Fv2%2Fproduct_cat&post=6756"},{"taxonomy":"product_tag","embeddable":true,"href":"https:\/\/totallubri.com.br\/index.php?rest_route=%2Fwp%2Fv2%2Fproduct_tag&post=6756"}],"curies":[{"name":"wp","href":"https:\/\/api.w.org\/{rel}","templated":true}]}}