{"id":6884,"date":"2018-05-04T15:42:45","date_gmt":"2018-05-04T18:42:45","guid":{"rendered":"http:\/\/totallubri.com.br\/?post_type=product&#038;p=6884"},"modified":"2025-02-18T10:04:02","modified_gmt":"2025-02-18T13:04:02","slug":"unidade-movel-com-contencao-e-transporte-3047","status":"publish","type":"product","link":"https:\/\/totallubri.com.br\/?product=unidade-movel-com-contencao-e-transporte-3047","title":{"rendered":"UNIDADE M\u00d3VEL COM CONTEN\u00c7\u00c3O E TRANSPORTE \u2013 3047-LUPUS"},"content":{"rendered":"<p>Unidade m\u00f3vel para transporte de 01 tambor de 200 litros com conten\u00e7\u00e3o. Constru\u00eddo de polietileno de alta densidade (HDPE), com capacidade de at\u00e9 567 kg, esta unidade protege contra derramamentos e vazamentos acidentais de tambores de 100, 200 e 300 litros. Resistente a corros\u00e3o, possui 05 rod\u00edzios girat\u00f3rios, sendo 02 deles com trava para m\u00e1xima estabilidade, capacidade de carga e f\u00e1cil locomo\u00e7\u00e3o.<\/p>\n<p>Material: polietileno de alta densidade (HDPE)<br \/>\nCapacidade de carga: 567 Kg<br \/>\ncapacidade de conten\u00e7\u00e3o: 45 litros<\/p>\n","protected":false},"excerpt":{"rendered":"<p>Unidade m\u00f3vel para transporte de 01 tambor de 200 litros com conten\u00e7\u00e3o. Constru\u00eddo de polietileno de alta densidade (HDPE), com capacidade de at\u00e9 567 kg, esta unidade protege contra derramamentos e vazamentos acidentais de tambores de 100, 200 e 300 litros. Resistente a corros\u00e3o, possui 05 rod\u00edzios girat\u00f3rios, sendo 02 deles com trava para m\u00e1xima [&hellip;]<\/p>\n","protected":false},"featured_media":7017,"comment_status":"open","ping_status":"closed","template":"","meta":{"_exactmetrics_skip_tracking":false,"_exactmetrics_sitenote_active":false,"_exactmetrics_sitenote_note":"","_exactmetrics_sitenote_category":0},"product_brand":[],"product_cat":[63],"product_tag":[],"class_list":{"0":"post-6884","1":"product","2":"type-product","3":"status-publish","4":"has-post-thumbnail","6":"product_cat-meio-ambiente","8":"first","9":"instock","10":"shipping-taxable","11":"product-type-simple"},"_links":{"self":[{"href":"https:\/\/totallubri.com.br\/index.php?rest_route=\/wp\/v2\/product\/6884","targetHints":{"allow":["GET"]}}],"collection":[{"href":"https:\/\/totallubri.com.br\/index.php?rest_route=\/wp\/v2\/product"}],"about":[{"href":"https:\/\/totallubri.com.br\/index.php?rest_route=\/wp\/v2\/types\/product"}],"replies":[{"embeddable":true,"href":"https:\/\/totallubri.com.br\/index.php?rest_route=%2Fwp%2Fv2%2Fcomments&post=6884"}],"wp:featuredmedia":[{"embeddable":true,"href":"https:\/\/totallubri.com.br\/index.php?rest_route=\/wp\/v2\/media\/7017"}],"wp:attachment":[{"href":"https:\/\/totallubri.com.br\/index.php?rest_route=%2Fwp%2Fv2%2Fmedia&parent=6884"}],"wp:term":[{"taxonomy":"product_brand","embeddable":true,"href":"https:\/\/totallubri.com.br\/index.php?rest_route=%2Fwp%2Fv2%2Fproduct_brand&post=6884"},{"taxonomy":"product_cat","embeddable":true,"href":"https:\/\/totallubri.com.br\/index.php?rest_route=%2Fwp%2Fv2%2Fproduct_cat&post=6884"},{"taxonomy":"product_tag","embeddable":true,"href":"https:\/\/totallubri.com.br\/index.php?rest_route=%2Fwp%2Fv2%2Fproduct_tag&post=6884"}],"curies":[{"name":"wp","href":"https:\/\/api.w.org\/{rel}","templated":true}]}}