{"id":6906,"date":"2018-05-10T16:58:08","date_gmt":"2018-05-10T19:58:08","guid":{"rendered":"http:\/\/totallubri.com.br\/?product=suporte-para-armazenamento-de-tambor-9301-s2"},"modified":"2024-12-04T17:41:16","modified_gmt":"2024-12-04T20:41:16","slug":"suporte-para-armazenamento-de-tambor-9301-s2","status":"publish","type":"product","link":"https:\/\/totallubri.com.br\/?product=suporte-para-armazenamento-de-tambor-9301-s2","title":{"rendered":"RAMPA PARA BACIAS DE CONTEN\u00c7\u00c3O \u2013 9301-RP200-LUPUS"},"content":{"rendered":"<p>Em polietileno de alta densidade (PEAD), facilita o carregamento e descarregamento de tambores de 200 litros, na bacia de conten\u00e7\u00e3o 9301-BP400.<\/p>\n<p>Capacidade: 01 tambor de 200 litros<br \/>\nCapacidade m\u00e1x. de carga:\u00a0680 kg<\/p>\n","protected":false},"excerpt":{"rendered":"<p>Em polietileno de alta densidade (PEAD), facilita o carregamento e descarregamento de tambores de 200 litros, na bacia de conten\u00e7\u00e3o 9301-BP400. Capacidade: 01 tambor de 200 litros Capacidade m\u00e1x. de carga:\u00a0680 kg<\/p>\n","protected":false},"featured_media":7034,"comment_status":"open","ping_status":"closed","template":"","meta":{"_exactmetrics_skip_tracking":false,"_exactmetrics_sitenote_active":false,"_exactmetrics_sitenote_note":"","_exactmetrics_sitenote_category":0},"product_brand":[],"product_cat":[63],"product_tag":[],"class_list":{"0":"post-6906","1":"product","2":"type-product","3":"status-publish","4":"has-post-thumbnail","6":"product_cat-meio-ambiente","8":"first","9":"instock","10":"shipping-taxable","11":"product-type-simple"},"_links":{"self":[{"href":"https:\/\/totallubri.com.br\/index.php?rest_route=\/wp\/v2\/product\/6906","targetHints":{"allow":["GET"]}}],"collection":[{"href":"https:\/\/totallubri.com.br\/index.php?rest_route=\/wp\/v2\/product"}],"about":[{"href":"https:\/\/totallubri.com.br\/index.php?rest_route=\/wp\/v2\/types\/product"}],"replies":[{"embeddable":true,"href":"https:\/\/totallubri.com.br\/index.php?rest_route=%2Fwp%2Fv2%2Fcomments&post=6906"}],"wp:featuredmedia":[{"embeddable":true,"href":"https:\/\/totallubri.com.br\/index.php?rest_route=\/wp\/v2\/media\/7034"}],"wp:attachment":[{"href":"https:\/\/totallubri.com.br\/index.php?rest_route=%2Fwp%2Fv2%2Fmedia&parent=6906"}],"wp:term":[{"taxonomy":"product_brand","embeddable":true,"href":"https:\/\/totallubri.com.br\/index.php?rest_route=%2Fwp%2Fv2%2Fproduct_brand&post=6906"},{"taxonomy":"product_cat","embeddable":true,"href":"https:\/\/totallubri.com.br\/index.php?rest_route=%2Fwp%2Fv2%2Fproduct_cat&post=6906"},{"taxonomy":"product_tag","embeddable":true,"href":"https:\/\/totallubri.com.br\/index.php?rest_route=%2Fwp%2Fv2%2Fproduct_tag&post=6906"}],"curies":[{"name":"wp","href":"https:\/\/api.w.org\/{rel}","templated":true}]}}