{"id":6955,"date":"2018-05-11T14:25:08","date_gmt":"2018-05-11T17:25:08","guid":{"rendered":"http:\/\/totallubri.com.br\/?post_type=product&#038;p=6955"},"modified":"2024-12-05T17:07:29","modified_gmt":"2024-12-05T20:07:29","slug":"bomba-manual-para-coleta-5609","status":"publish","type":"product","link":"https:\/\/totallubri.com.br\/?product=bomba-manual-para-coleta-5609","title":{"rendered":"BOMBA MANUAL PARA COLETA \u2013 5609 -LUPUS"},"content":{"rendered":"<p>Corpo em policarbonato, haste graduada em alum\u00ednio ajust\u00e1vel, e tubo flex\u00edvel.<\/p>\n<p>Capacidade: 100 ml<br \/>\nEscala: ajust\u00e1vel de 0 a 100 ml<br \/>\nDivis\u00e3o de escala: 2 ml<br \/>\nTubo flex\u00edvel: 06 x 03 x 1500 mm<\/p>\n","protected":false},"excerpt":{"rendered":"<p>Corpo em policarbonato, haste graduada em alum\u00ednio ajust\u00e1vel, e tubo flex\u00edvel. Capacidade: 100 ml Escala: ajust\u00e1vel de 0 a 100 ml Divis\u00e3o de escala: 2 ml Tubo flex\u00edvel: 06 x 03 x 1500 mm<\/p>\n","protected":false},"featured_media":7080,"comment_status":"open","ping_status":"closed","template":"","meta":{"_exactmetrics_skip_tracking":false,"_exactmetrics_sitenote_active":false,"_exactmetrics_sitenote_note":"","_exactmetrics_sitenote_category":0},"product_brand":[],"product_cat":[114],"product_tag":[],"class_list":{"0":"post-6955","1":"product","2":"type-product","3":"status-publish","4":"has-post-thumbnail","6":"product_cat-solucoes-para-abastecimento","8":"first","9":"instock","10":"shipping-taxable","11":"product-type-simple"},"_links":{"self":[{"href":"https:\/\/totallubri.com.br\/index.php?rest_route=\/wp\/v2\/product\/6955","targetHints":{"allow":["GET"]}}],"collection":[{"href":"https:\/\/totallubri.com.br\/index.php?rest_route=\/wp\/v2\/product"}],"about":[{"href":"https:\/\/totallubri.com.br\/index.php?rest_route=\/wp\/v2\/types\/product"}],"replies":[{"embeddable":true,"href":"https:\/\/totallubri.com.br\/index.php?rest_route=%2Fwp%2Fv2%2Fcomments&post=6955"}],"wp:featuredmedia":[{"embeddable":true,"href":"https:\/\/totallubri.com.br\/index.php?rest_route=\/wp\/v2\/media\/7080"}],"wp:attachment":[{"href":"https:\/\/totallubri.com.br\/index.php?rest_route=%2Fwp%2Fv2%2Fmedia&parent=6955"}],"wp:term":[{"taxonomy":"product_brand","embeddable":true,"href":"https:\/\/totallubri.com.br\/index.php?rest_route=%2Fwp%2Fv2%2Fproduct_brand&post=6955"},{"taxonomy":"product_cat","embeddable":true,"href":"https:\/\/totallubri.com.br\/index.php?rest_route=%2Fwp%2Fv2%2Fproduct_cat&post=6955"},{"taxonomy":"product_tag","embeddable":true,"href":"https:\/\/totallubri.com.br\/index.php?rest_route=%2Fwp%2Fv2%2Fproduct_tag&post=6955"}],"curies":[{"name":"wp","href":"https:\/\/api.w.org\/{rel}","templated":true}]}}