{"id":6978,"date":"2018-05-15T13:20:38","date_gmt":"2018-05-15T16:20:38","guid":{"rendered":"http:\/\/totallubri.com.br\/?product=unidade-de-ultra-filtragem-9187"},"modified":"2024-11-19T22:04:23","modified_gmt":"2024-11-20T01:04:23","slug":"unidade-de-ultra-filtragem-9187","status":"publish","type":"product","link":"https:\/\/totallubri.com.br\/?product=unidade-de-ultra-filtragem-9187","title":{"rendered":"UNIDADE DE ULTRA FILTRAGEM \u2013 9187-LUPUS"},"content":{"rendered":"<p>Base e carenagem em a\u00e7o carbono, estrutura refor\u00e7ada, pintura eletrost\u00e1tica, com cabe\u00e7ote duplo para 2 filtros modelo Spin-on, garantindo alta vaz\u00e3o e grande capacidade de filtragem. Possui By-Pass externo para facilitar na substitui\u00e7\u00e3o do filtro ap\u00f3s a satura\u00e7\u00e3o, sem necessidade de interromper o abastecimento.<\/p>\n<p>Compat\u00edvel com filtros\u00a0<strong>19180-FJ, 9180-FL, 9180-FI, 9180-FM<br \/>\n<\/strong>Entrada e sa\u00edda<strong>\u00a01.1\/2&#8243; BSP<\/strong><strong><br \/>\n<\/strong>Vaz\u00e3o Livre <strong>473 l\/min<\/strong><br \/>\nPress\u00e3o trabalho\u00a0<strong>350 psi<\/strong><br \/>\nPress\u00e3o de colapso<strong> 150 psi<\/strong><br \/>\nPress\u00e3o de ruptura<strong>\u00a0800 psi<\/strong><strong><br \/>\n<\/strong>Efici\u00eancia<strong> compat\u00edvel com filtros de 02 at\u00e9 25 micra<\/strong><strong><br \/>\n<\/strong>Temperatura<strong>\u00a0 \u00a0-40 \/ 118 \u00baC<\/strong><\/p>\n","protected":false},"excerpt":{"rendered":"<p>Base e carenagem em a\u00e7o carbono, estrutura refor\u00e7ada, pintura eletrost\u00e1tica, com cabe\u00e7ote duplo para 2 filtros modelo Spin-on, garantindo alta vaz\u00e3o e grande capacidade de filtragem. Possui By-Pass externo para facilitar na substitui\u00e7\u00e3o do filtro ap\u00f3s a satura\u00e7\u00e3o, sem necessidade de interromper o abastecimento. Compat\u00edvel com filtros\u00a019180-FJ, 9180-FL, 9180-FI, 9180-FM Entrada e sa\u00edda\u00a01.1\/2&#8243; BSP Vaz\u00e3o [&hellip;]<\/p>\n","protected":false},"featured_media":7038,"comment_status":"open","ping_status":"closed","template":"","meta":{"_exactmetrics_skip_tracking":false,"_exactmetrics_sitenote_active":false,"_exactmetrics_sitenote_note":"","_exactmetrics_sitenote_category":0},"product_brand":[],"product_cat":[93],"product_tag":[],"class_list":{"0":"post-6978","1":"product","2":"type-product","3":"status-publish","4":"has-post-thumbnail","6":"product_cat-filtros-e-elementos-filtrantes","8":"first","9":"instock","10":"shipping-taxable","11":"product-type-simple"},"_links":{"self":[{"href":"https:\/\/totallubri.com.br\/index.php?rest_route=\/wp\/v2\/product\/6978","targetHints":{"allow":["GET"]}}],"collection":[{"href":"https:\/\/totallubri.com.br\/index.php?rest_route=\/wp\/v2\/product"}],"about":[{"href":"https:\/\/totallubri.com.br\/index.php?rest_route=\/wp\/v2\/types\/product"}],"replies":[{"embeddable":true,"href":"https:\/\/totallubri.com.br\/index.php?rest_route=%2Fwp%2Fv2%2Fcomments&post=6978"}],"wp:featuredmedia":[{"embeddable":true,"href":"https:\/\/totallubri.com.br\/index.php?rest_route=\/wp\/v2\/media\/7038"}],"wp:attachment":[{"href":"https:\/\/totallubri.com.br\/index.php?rest_route=%2Fwp%2Fv2%2Fmedia&parent=6978"}],"wp:term":[{"taxonomy":"product_brand","embeddable":true,"href":"https:\/\/totallubri.com.br\/index.php?rest_route=%2Fwp%2Fv2%2Fproduct_brand&post=6978"},{"taxonomy":"product_cat","embeddable":true,"href":"https:\/\/totallubri.com.br\/index.php?rest_route=%2Fwp%2Fv2%2Fproduct_cat&post=6978"},{"taxonomy":"product_tag","embeddable":true,"href":"https:\/\/totallubri.com.br\/index.php?rest_route=%2Fwp%2Fv2%2Fproduct_tag&post=6978"}],"curies":[{"name":"wp","href":"https:\/\/api.w.org\/{rel}","templated":true}]}}