{"id":7159,"date":"2018-05-21T16:44:06","date_gmt":"2018-05-21T19:44:06","guid":{"rendered":"http:\/\/totallubri.com.br\/?post_type=product&#038;p=7159"},"modified":"2024-11-28T18:00:55","modified_gmt":"2024-11-28T21:00:55","slug":"chave-saca-filtro-multi-2017-cp","status":"publish","type":"product","link":"https:\/\/totallubri.com.br\/?product=chave-saca-filtro-multi-2017-cp","title":{"rendered":"CHAVE SACA FILTRO MULTI \u2013 2017-CP-LUPUS"},"content":{"rendered":"<p>Acompanha 2 chaves saca filtros, corpo em polipropileno, com revestimento em PVC, correia flex\u00edvel em borracha sint\u00e9tica aderente. Correia extremamente resistente, se adapta a qualquer superf\u00edcie, proporcionando assim excelente torque para a desmontagem\u00a0 do filtro. Pode ser utilizado tamb\u00e9m para rosquear tubos, e para utilidades dom\u00e9sticas.<\/p>\n<p>Material:<strong>corpo em polipropileno e correia em borracha sint\u00e9tica<\/strong><br \/>\nAdapt\u00e1vel a filtros com di\u00e2metro: <strong>de 3\/8&#8243; a 6.1\/2&#8243;\u00a0<\/strong><br \/>\nComprimento da correia: <strong>580 mm| 500 mm<\/strong><\/p>\n","protected":false},"excerpt":{"rendered":"<p>Acompanha 2 chaves saca filtros, corpo em polipropileno, com revestimento em PVC, correia flex\u00edvel em borracha sint\u00e9tica aderente. Correia extremamente resistente, se adapta a qualquer superf\u00edcie, proporcionando assim excelente torque para a desmontagem\u00a0 do filtro. Pode ser utilizado tamb\u00e9m para rosquear tubos, e para utilidades dom\u00e9sticas. Material:corpo em polipropileno e correia em borracha sint\u00e9tica Adapt\u00e1vel [&hellip;]<\/p>\n","protected":false},"featured_media":7167,"comment_status":"open","ping_status":"closed","template":"","meta":{"_exactmetrics_skip_tracking":false,"_exactmetrics_sitenote_active":false,"_exactmetrics_sitenote_note":"","_exactmetrics_sitenote_category":0},"product_brand":[],"product_cat":[107],"product_tag":[],"class_list":{"0":"post-7159","1":"product","2":"type-product","3":"status-publish","4":"has-post-thumbnail","6":"product_cat-equipamentos-para-troca-de-oleo","8":"first","9":"instock","10":"shipping-taxable","11":"product-type-simple"},"_links":{"self":[{"href":"https:\/\/totallubri.com.br\/index.php?rest_route=\/wp\/v2\/product\/7159","targetHints":{"allow":["GET"]}}],"collection":[{"href":"https:\/\/totallubri.com.br\/index.php?rest_route=\/wp\/v2\/product"}],"about":[{"href":"https:\/\/totallubri.com.br\/index.php?rest_route=\/wp\/v2\/types\/product"}],"replies":[{"embeddable":true,"href":"https:\/\/totallubri.com.br\/index.php?rest_route=%2Fwp%2Fv2%2Fcomments&post=7159"}],"wp:featuredmedia":[{"embeddable":true,"href":"https:\/\/totallubri.com.br\/index.php?rest_route=\/wp\/v2\/media\/7167"}],"wp:attachment":[{"href":"https:\/\/totallubri.com.br\/index.php?rest_route=%2Fwp%2Fv2%2Fmedia&parent=7159"}],"wp:term":[{"taxonomy":"product_brand","embeddable":true,"href":"https:\/\/totallubri.com.br\/index.php?rest_route=%2Fwp%2Fv2%2Fproduct_brand&post=7159"},{"taxonomy":"product_cat","embeddable":true,"href":"https:\/\/totallubri.com.br\/index.php?rest_route=%2Fwp%2Fv2%2Fproduct_cat&post=7159"},{"taxonomy":"product_tag","embeddable":true,"href":"https:\/\/totallubri.com.br\/index.php?rest_route=%2Fwp%2Fv2%2Fproduct_tag&post=7159"}],"curies":[{"name":"wp","href":"https:\/\/api.w.org\/{rel}","templated":true}]}}