{"id":7170,"date":"2018-05-21T17:31:23","date_gmt":"2018-05-21T20:31:23","guid":{"rendered":"http:\/\/totallubri.com.br\/?post_type=product&#038;p=7170"},"modified":"2025-01-17T17:21:03","modified_gmt":"2025-01-17T20:21:03","slug":"conjunto-da-valvula-de-pressurizacao-para-bombas-a-vacuo","status":"publish","type":"product","link":"https:\/\/totallubri.com.br\/?product=conjunto-da-valvula-de-pressurizacao-para-bombas-a-vacuo","title":{"rendered":"CONJUNTO DA V\u00c1LVULA DE PRESSURIZA\u00c7\u00c3O PARA BOMBAS \u00c1 VACUO-LUPUS"},"content":{"rendered":"<p>V\u00e1lvula para gerar v\u00e1cuo em reservat\u00f3rios, conforme NR13, para volume de at\u00e9 200 litros.possui Vacu\u00f4metro, conector\u00a0 de ar de 1\/4&#8243;, e rosca adapt\u00e1vel a reservat\u00f3rios de 200 litros.<\/p>\n<p>Conex\u00e3o para o reservat\u00f3rio 2&#8243; x 11 F.P.P(M)<br \/>\nConex\u00e3o de entrada de ar<\/p>\n<p>Conector para engate r\u00e1pido de 1\/4&#8243;.<br \/>\nConex\u00e3o da mangueira de suc\u00e7\u00e3o 1\/4&#8243; BSP<\/p>\n<p>Volume m\u00e1x.do reservat\u00f3rio (NR13)<\/p>\n<p>200 lITROS<\/p>\n","protected":false},"excerpt":{"rendered":"<p>V\u00e1lvula para gerar v\u00e1cuo em reservat\u00f3rios, conforme NR13, para volume de at\u00e9 200 litros.possui Vacu\u00f4metro, conector\u00a0 de ar de 1\/4&#8243;, e rosca adapt\u00e1vel a reservat\u00f3rios de 200 litros. Conex\u00e3o para o reservat\u00f3rio 2&#8243; x 11 F.P.P(M) Conex\u00e3o de entrada de ar Conector para engate r\u00e1pido de 1\/4&#8243;. Conex\u00e3o da mangueira de suc\u00e7\u00e3o 1\/4&#8243; BSP Volume [&hellip;]<\/p>\n","protected":false},"featured_media":7171,"comment_status":"open","ping_status":"closed","template":"","meta":{"_exactmetrics_skip_tracking":false,"_exactmetrics_sitenote_active":false,"_exactmetrics_sitenote_note":"","_exactmetrics_sitenote_category":0},"product_brand":[],"product_cat":[58],"product_tag":[],"class_list":{"0":"post-7170","1":"product","2":"type-product","3":"status-publish","4":"has-post-thumbnail","6":"product_cat-linha-industrial","8":"first","9":"instock","10":"shipping-taxable","11":"product-type-simple"},"_links":{"self":[{"href":"https:\/\/totallubri.com.br\/index.php?rest_route=\/wp\/v2\/product\/7170","targetHints":{"allow":["GET"]}}],"collection":[{"href":"https:\/\/totallubri.com.br\/index.php?rest_route=\/wp\/v2\/product"}],"about":[{"href":"https:\/\/totallubri.com.br\/index.php?rest_route=\/wp\/v2\/types\/product"}],"replies":[{"embeddable":true,"href":"https:\/\/totallubri.com.br\/index.php?rest_route=%2Fwp%2Fv2%2Fcomments&post=7170"}],"wp:featuredmedia":[{"embeddable":true,"href":"https:\/\/totallubri.com.br\/index.php?rest_route=\/wp\/v2\/media\/7171"}],"wp:attachment":[{"href":"https:\/\/totallubri.com.br\/index.php?rest_route=%2Fwp%2Fv2%2Fmedia&parent=7170"}],"wp:term":[{"taxonomy":"product_brand","embeddable":true,"href":"https:\/\/totallubri.com.br\/index.php?rest_route=%2Fwp%2Fv2%2Fproduct_brand&post=7170"},{"taxonomy":"product_cat","embeddable":true,"href":"https:\/\/totallubri.com.br\/index.php?rest_route=%2Fwp%2Fv2%2Fproduct_cat&post=7170"},{"taxonomy":"product_tag","embeddable":true,"href":"https:\/\/totallubri.com.br\/index.php?rest_route=%2Fwp%2Fv2%2Fproduct_tag&post=7170"}],"curies":[{"name":"wp","href":"https:\/\/api.w.org\/{rel}","templated":true}]}}