{"id":7218,"date":"2018-05-22T09:23:58","date_gmt":"2018-05-22T12:23:58","guid":{"rendered":"http:\/\/totallubri.com.br\/?product=torneira-para-tambor-5023"},"modified":"2024-12-03T17:57:35","modified_gmt":"2024-12-03T20:57:35","slug":"torneira-para-tambor-5023","status":"publish","type":"product","link":"https:\/\/totallubri.com.br\/?product=torneira-para-tambor-5023","title":{"rendered":"TORNEIRA PARA TAMBOR \u2013 5023-LUPUS"},"content":{"rendered":"<p>Em lat\u00e3o, veda\u00e7\u00e3o em NBR, para \u00f3leo lubrificante.<\/p>\n<p>Conex\u00e3o: <strong>2&#8243;<\/strong><br \/>\nConex\u00e3o sa\u00edda: <strong>15 mm<\/strong><\/p>\n","protected":false},"excerpt":{"rendered":"<p>Em lat\u00e3o, veda\u00e7\u00e3o em NBR, para \u00f3leo lubrificante. Conex\u00e3o: 2&#8243; Conex\u00e3o sa\u00edda: 15 mm<\/p>\n","protected":false},"featured_media":7220,"comment_status":"open","ping_status":"closed","template":"","meta":{"_exactmetrics_skip_tracking":false,"_exactmetrics_sitenote_active":false,"_exactmetrics_sitenote_note":"","_exactmetrics_sitenote_category":0},"product_brand":[],"product_cat":[58],"product_tag":[],"class_list":{"0":"post-7218","1":"product","2":"type-product","3":"status-publish","4":"has-post-thumbnail","6":"product_cat-linha-industrial","8":"first","9":"instock","10":"shipping-taxable","11":"product-type-simple"},"_links":{"self":[{"href":"https:\/\/totallubri.com.br\/index.php?rest_route=\/wp\/v2\/product\/7218","targetHints":{"allow":["GET"]}}],"collection":[{"href":"https:\/\/totallubri.com.br\/index.php?rest_route=\/wp\/v2\/product"}],"about":[{"href":"https:\/\/totallubri.com.br\/index.php?rest_route=\/wp\/v2\/types\/product"}],"replies":[{"embeddable":true,"href":"https:\/\/totallubri.com.br\/index.php?rest_route=%2Fwp%2Fv2%2Fcomments&post=7218"}],"wp:featuredmedia":[{"embeddable":true,"href":"https:\/\/totallubri.com.br\/index.php?rest_route=\/wp\/v2\/media\/7220"}],"wp:attachment":[{"href":"https:\/\/totallubri.com.br\/index.php?rest_route=%2Fwp%2Fv2%2Fmedia&parent=7218"}],"wp:term":[{"taxonomy":"product_brand","embeddable":true,"href":"https:\/\/totallubri.com.br\/index.php?rest_route=%2Fwp%2Fv2%2Fproduct_brand&post=7218"},{"taxonomy":"product_cat","embeddable":true,"href":"https:\/\/totallubri.com.br\/index.php?rest_route=%2Fwp%2Fv2%2Fproduct_cat&post=7218"},{"taxonomy":"product_tag","embeddable":true,"href":"https:\/\/totallubri.com.br\/index.php?rest_route=%2Fwp%2Fv2%2Fproduct_tag&post=7218"}],"curies":[{"name":"wp","href":"https:\/\/api.w.org\/{rel}","templated":true}]}}