{"id":7343,"date":"2018-05-22T15:23:26","date_gmt":"2018-05-22T18:23:26","guid":{"rendered":"http:\/\/totallubri.com.br\/?product=adaptador-de-reducao-camlock-em-aluminio-tipo-a-1400"},"modified":"2025-04-29T12:23:24","modified_gmt":"2025-04-29T15:23:24","slug":"adaptador-de-reducao-camlock-em-aluminio-tipo-a-1400","status":"publish","type":"product","link":"https:\/\/totallubri.com.br\/?product=adaptador-de-reducao-camlock-em-aluminio-tipo-a-1400","title":{"rendered":"1400-ADAPTADOR DE REDU\u00c7\u00c3O CAMLOCK EM ALUM\u00cdNIO TIPO A-1400-LUPUS"},"content":{"rendered":"<p>Em alum\u00ednio, para diesel, \u00f3leo lubrificante e \u00e1gua.<br \/>\n<img loading=\"lazy\" decoding=\"async\" class=\"alignnone size-medium wp-image-7353\" src=\"http:\/\/totallubri.com.br\/wp-content\/uploads\/2018\/05\/garantia_-300x145.png\" alt=\"garantia_\" width=\"497\" height=\"323\" \/><\/p>\n","protected":false},"excerpt":{"rendered":"<p>Em alum\u00ednio, para diesel, \u00f3leo lubrificante e \u00e1gua.<\/p>\n","protected":false},"featured_media":7344,"comment_status":"open","ping_status":"closed","template":"","meta":{"_exactmetrics_skip_tracking":false,"_exactmetrics_sitenote_active":false,"_exactmetrics_sitenote_note":"","_exactmetrics_sitenote_category":0},"product_brand":[],"product_cat":[127],"product_tag":[],"class_list":{"0":"post-7343","1":"product","2":"type-product","3":"status-publish","4":"has-post-thumbnail","6":"product_cat-adaptador-camlock-tipo-ab-ef","8":"first","9":"instock","10":"shipping-taxable","11":"product-type-simple"},"_links":{"self":[{"href":"https:\/\/totallubri.com.br\/index.php?rest_route=\/wp\/v2\/product\/7343","targetHints":{"allow":["GET"]}}],"collection":[{"href":"https:\/\/totallubri.com.br\/index.php?rest_route=\/wp\/v2\/product"}],"about":[{"href":"https:\/\/totallubri.com.br\/index.php?rest_route=\/wp\/v2\/types\/product"}],"replies":[{"embeddable":true,"href":"https:\/\/totallubri.com.br\/index.php?rest_route=%2Fwp%2Fv2%2Fcomments&post=7343"}],"wp:featuredmedia":[{"embeddable":true,"href":"https:\/\/totallubri.com.br\/index.php?rest_route=\/wp\/v2\/media\/7344"}],"wp:attachment":[{"href":"https:\/\/totallubri.com.br\/index.php?rest_route=%2Fwp%2Fv2%2Fmedia&parent=7343"}],"wp:term":[{"taxonomy":"product_brand","embeddable":true,"href":"https:\/\/totallubri.com.br\/index.php?rest_route=%2Fwp%2Fv2%2Fproduct_brand&post=7343"},{"taxonomy":"product_cat","embeddable":true,"href":"https:\/\/totallubri.com.br\/index.php?rest_route=%2Fwp%2Fv2%2Fproduct_cat&post=7343"},{"taxonomy":"product_tag","embeddable":true,"href":"https:\/\/totallubri.com.br\/index.php?rest_route=%2Fwp%2Fv2%2Fproduct_tag&post=7343"}],"curies":[{"name":"wp","href":"https:\/\/api.w.org\/{rel}","templated":true}]}}