{"id":8103,"date":"2019-10-03T08:57:16","date_gmt":"2019-10-03T11:57:16","guid":{"rendered":"http:\/\/totallubri.com.br\/?post_type=product&#038;p=8103"},"modified":"2024-12-02T09:52:19","modified_gmt":"2024-12-02T12:52:19","slug":"propulsora-pneumatica-para-oleo-13021-max-g4-bozza","status":"publish","type":"product","link":"https:\/\/totallubri.com.br\/?product=propulsora-pneumatica-para-oleo-13021-max-g4-bozza","title":{"rendered":"Propulsora Pneum\u00e1tica para \u00d3leo 13021-MAX-G4 &#8211; BOZZA"},"content":{"rendered":"<p>Propulsora Pneum\u00e1tica para \u00f3leo, \u00e9 ideal para lubrifica\u00e7\u00e3o de m\u00e1quinas e equipamentos de m\u00e9dia a alta vaz\u00e3o. Recomendado para empresas dos segmentos de minerac\u0327a\u0303o, industrial, siderurgia, transporte, concession\u00e1rias, centros de lubrificac\u0327a\u0303o com multipontos e industria de todos os segmentos onde necessite de vaz\u00e3o elevada. A 13 MAX possui novo motor constru\u00eddo em alum\u00ednio anodizado, com\u00a0f\u00e1cil manuten\u00e7\u00e3o e peso reduzido, acompanha silenciador duplo e condutor de ar refor\u00e7ado. Sua performance permite at\u00e9 10 pontos simult\u00e2neos em sua linha de lubrifica\u00e7\u00e3o.<\/p>\n<table style=\"height: 199px;\" width=\"838\">\n<tbody>\n<tr>\n<td width=\"256\">DESCRI\u00c7\u00c3O:<\/td>\n<td width=\"307\">CARACTER\u00cdSTICAS:<\/td>\n<\/tr>\n<tr>\n<td>*Vaza\u0303o livre 45 L\/min<\/td>\n<td>*Propulsora pneuma\u0301tica para \u00f3leo<\/td>\n<\/tr>\n<tr>\n<td>*Rateio 5:1<\/td>\n<td>*Lubrifil 1\u20442\u201d<\/td>\n<\/tr>\n<tr>\n<td>*Entrada de ar 1\/2\u201d NPT<\/td>\n<td>*Condutor de ar meta\u0301lico e conjunto silenciador<\/td>\n<\/tr>\n<tr>\n<td>*Sai\u0301da 1\/2\u2033 NPT<\/td>\n<td>*Filtro interno no sistema de succ\u0327a\u0303o<\/td>\n<\/tr>\n<tr>\n<td>*Pressa\u0303o de Trabalho 80-100 PSI<\/td>\n<td>*Recipiente de aplica\u00e7\u00e3o: 210L<\/td>\n<\/tr>\n<tr>\n<td>*Pressa\u0303o de Sai\u0301da 400-500 PSI<\/td>\n<td>*Peso: 7,700kg<\/td>\n<\/tr>\n<tr>\n<td>*Consumo de ar 30 pe\u0301s\u00b3\/min.<\/td>\n<td>*C= 152 x L=180mm x A=1210mm<\/td>\n<\/tr>\n<\/tbody>\n<\/table>\n","protected":false},"excerpt":{"rendered":"<p>Propulsora Pneum\u00e1tica para \u00f3leo, \u00e9 ideal para lubrifica\u00e7\u00e3o de m\u00e1quinas e equipamentos de m\u00e9dia a alta vaz\u00e3o.<\/p>\n","protected":false},"featured_media":8104,"comment_status":"open","ping_status":"closed","template":"","meta":{"_exactmetrics_skip_tracking":false,"_exactmetrics_sitenote_active":false,"_exactmetrics_sitenote_note":"","_exactmetrics_sitenote_category":0},"product_brand":[],"product_cat":[110],"product_tag":[],"class_list":{"0":"post-8103","1":"product","2":"type-product","3":"status-publish","4":"has-post-thumbnail","6":"product_cat-propulsora-pneumatica-para-oleo","8":"first","9":"instock","10":"shipping-taxable","11":"product-type-simple"},"_links":{"self":[{"href":"https:\/\/totallubri.com.br\/index.php?rest_route=\/wp\/v2\/product\/8103","targetHints":{"allow":["GET"]}}],"collection":[{"href":"https:\/\/totallubri.com.br\/index.php?rest_route=\/wp\/v2\/product"}],"about":[{"href":"https:\/\/totallubri.com.br\/index.php?rest_route=\/wp\/v2\/types\/product"}],"replies":[{"embeddable":true,"href":"https:\/\/totallubri.com.br\/index.php?rest_route=%2Fwp%2Fv2%2Fcomments&post=8103"}],"wp:featuredmedia":[{"embeddable":true,"href":"https:\/\/totallubri.com.br\/index.php?rest_route=\/wp\/v2\/media\/8104"}],"wp:attachment":[{"href":"https:\/\/totallubri.com.br\/index.php?rest_route=%2Fwp%2Fv2%2Fmedia&parent=8103"}],"wp:term":[{"taxonomy":"product_brand","embeddable":true,"href":"https:\/\/totallubri.com.br\/index.php?rest_route=%2Fwp%2Fv2%2Fproduct_brand&post=8103"},{"taxonomy":"product_cat","embeddable":true,"href":"https:\/\/totallubri.com.br\/index.php?rest_route=%2Fwp%2Fv2%2Fproduct_cat&post=8103"},{"taxonomy":"product_tag","embeddable":true,"href":"https:\/\/totallubri.com.br\/index.php?rest_route=%2Fwp%2Fv2%2Fproduct_tag&post=8103"}],"curies":[{"name":"wp","href":"https:\/\/api.w.org\/{rel}","templated":true}]}}