{"id":8183,"date":"2019-12-06T11:55:18","date_gmt":"2019-12-06T14:55:18","guid":{"rendered":"http:\/\/totallubri.com.br\/?post_type=product&#038;p=8183"},"modified":"2024-11-25T12:06:09","modified_gmt":"2024-11-25T15:06:09","slug":"carretel-automatico-blindado-3004-mo12","status":"publish","type":"product","link":"https:\/\/totallubri.com.br\/?product=carretel-automatico-blindado-3004-mo12","title":{"rendered":"CARRETEL AUTOM\u00c1TICO BLINDADO \u2013 3004-MO12 \u2013 LUPUS"},"content":{"rendered":"<p>Em a\u00e7o, com base simples e retra\u00e7\u00e3o autom\u00e1tica com rolamentos.<br \/>\nMontado com mangueira.<\/p>\n<p><strong>Mangueira\u00a0.\u00a0 12 m de mang. 0 1\/2\u2033\u00a0<\/strong><\/p>\n<p><strong>Press\u00e3o m\u00e1xima de trabalho\u00a02.300 PSI<br \/>\n<\/strong><br \/>\nPeso\u00a030<strong>kg<\/strong><br \/>\nMedidas<strong>\u00a0(A)\u00a0520 mm x (L)\u00a0510 mm<\/strong><\/p>\n","protected":false},"excerpt":{"rendered":"<p>Em a\u00e7o, com base simples e retra\u00e7\u00e3o autom\u00e1tica com rolamentos. Montado com mangueira. Mangueira\u00a0.\u00a0 12 m de mang. 0 1\/2\u2033\u00a0 Press\u00e3o m\u00e1xima de trabalho\u00a02.300 PSI Peso\u00a030kg Medidas\u00a0(A)\u00a0520 mm x (L)\u00a0510 mm<\/p>\n","protected":false},"featured_media":8184,"comment_status":"open","ping_status":"closed","template":"","meta":{"_exactmetrics_skip_tracking":false,"_exactmetrics_sitenote_active":false,"_exactmetrics_sitenote_note":"","_exactmetrics_sitenote_category":0},"product_brand":[],"product_cat":[100],"product_tag":[],"class_list":{"0":"post-8183","1":"product","2":"type-product","3":"status-publish","4":"has-post-thumbnail","6":"product_cat-carretel-retratil","8":"first","9":"instock","10":"shipping-taxable","11":"product-type-simple"},"_links":{"self":[{"href":"https:\/\/totallubri.com.br\/index.php?rest_route=\/wp\/v2\/product\/8183","targetHints":{"allow":["GET"]}}],"collection":[{"href":"https:\/\/totallubri.com.br\/index.php?rest_route=\/wp\/v2\/product"}],"about":[{"href":"https:\/\/totallubri.com.br\/index.php?rest_route=\/wp\/v2\/types\/product"}],"replies":[{"embeddable":true,"href":"https:\/\/totallubri.com.br\/index.php?rest_route=%2Fwp%2Fv2%2Fcomments&post=8183"}],"wp:featuredmedia":[{"embeddable":true,"href":"https:\/\/totallubri.com.br\/index.php?rest_route=\/wp\/v2\/media\/8184"}],"wp:attachment":[{"href":"https:\/\/totallubri.com.br\/index.php?rest_route=%2Fwp%2Fv2%2Fmedia&parent=8183"}],"wp:term":[{"taxonomy":"product_brand","embeddable":true,"href":"https:\/\/totallubri.com.br\/index.php?rest_route=%2Fwp%2Fv2%2Fproduct_brand&post=8183"},{"taxonomy":"product_cat","embeddable":true,"href":"https:\/\/totallubri.com.br\/index.php?rest_route=%2Fwp%2Fv2%2Fproduct_cat&post=8183"},{"taxonomy":"product_tag","embeddable":true,"href":"https:\/\/totallubri.com.br\/index.php?rest_route=%2Fwp%2Fv2%2Fproduct_tag&post=8183"}],"curies":[{"name":"wp","href":"https:\/\/api.w.org\/{rel}","templated":true}]}}