{"id":8583,"date":"2024-04-01T15:04:19","date_gmt":"2024-04-01T18:04:19","guid":{"rendered":"https:\/\/totallubri.com.br\/?post_type=product&#038;p=8583"},"modified":"2025-05-09T16:05:47","modified_gmt":"2025-05-09T19:05:47","slug":"1974g-p","status":"publish","type":"product","link":"https:\/\/totallubri.com.br\/?product=1974g-p","title":{"rendered":"PROTECAO PARA GATILHO DO COMANDO DE GRAXA-1974G-P \u2013 LUPUS"},"content":{"rendered":"<p>Em a\u00e7o carbono zincado com tratamento superficial, indicado para prote\u00e7\u00e3o do operador no momento da lubrifica\u00e7\u00e3o com comando de graxa.<\/p>\n<p>OBS: comando n\u00e3o acompanha suporte.<\/p>\n<p>Peso: 0,075 Kg<\/p>\n<p>Medidas:(A) 165 mm x (L) 20 mm x (C) 98 mm<\/p>\n","protected":false},"excerpt":{"rendered":"<p>Em a\u00e7o carbono zincado com tratamento superficial, indicado para prote\u00e7\u00e3o do operador no momento da lubrifica\u00e7\u00e3o com comando de graxa. OBS: comando n\u00e3o acompanha suporte. Peso: 0,075 Kg Medidas:(A) 165 mm x (L) 20 mm x (C) 98 mm<\/p>\n","protected":false},"featured_media":8586,"comment_status":"open","ping_status":"closed","template":"","meta":{"_exactmetrics_skip_tracking":false,"_exactmetrics_sitenote_active":false,"_exactmetrics_sitenote_note":"","_exactmetrics_sitenote_category":0},"product_brand":[],"product_cat":[131],"product_tag":[],"class_list":{"0":"post-8583","1":"product","2":"type-product","3":"status-publish","4":"has-post-thumbnail","6":"product_cat-equipamentos-e-acessorios-para-pneumaticos","8":"first","9":"instock","10":"shipping-taxable","11":"product-type-simple"},"_links":{"self":[{"href":"https:\/\/totallubri.com.br\/index.php?rest_route=\/wp\/v2\/product\/8583","targetHints":{"allow":["GET"]}}],"collection":[{"href":"https:\/\/totallubri.com.br\/index.php?rest_route=\/wp\/v2\/product"}],"about":[{"href":"https:\/\/totallubri.com.br\/index.php?rest_route=\/wp\/v2\/types\/product"}],"replies":[{"embeddable":true,"href":"https:\/\/totallubri.com.br\/index.php?rest_route=%2Fwp%2Fv2%2Fcomments&post=8583"}],"wp:featuredmedia":[{"embeddable":true,"href":"https:\/\/totallubri.com.br\/index.php?rest_route=\/wp\/v2\/media\/8586"}],"wp:attachment":[{"href":"https:\/\/totallubri.com.br\/index.php?rest_route=%2Fwp%2Fv2%2Fmedia&parent=8583"}],"wp:term":[{"taxonomy":"product_brand","embeddable":true,"href":"https:\/\/totallubri.com.br\/index.php?rest_route=%2Fwp%2Fv2%2Fproduct_brand&post=8583"},{"taxonomy":"product_cat","embeddable":true,"href":"https:\/\/totallubri.com.br\/index.php?rest_route=%2Fwp%2Fv2%2Fproduct_cat&post=8583"},{"taxonomy":"product_tag","embeddable":true,"href":"https:\/\/totallubri.com.br\/index.php?rest_route=%2Fwp%2Fv2%2Fproduct_tag&post=8583"}],"curies":[{"name":"wp","href":"https:\/\/api.w.org\/{rel}","templated":true}]}}