{"id":8605,"date":"2024-04-01T16:02:49","date_gmt":"2024-04-01T19:02:49","guid":{"rendered":"https:\/\/totallubri.com.br\/?post_type=product&#038;p=8605"},"modified":"2024-12-05T16:58:17","modified_gmt":"2024-12-05T19:58:17","slug":"1974-m-valvula-para-controle-de-oleo","status":"publish","type":"product","link":"https:\/\/totallubri.com.br\/?product=1974-m-valvula-para-controle-de-oleo","title":{"rendered":"1974-M VALVULA PARA CONTROLE DE \u00d3LEO-LUPUS"},"content":{"rendered":"<p>Adapt\u00e1vel \u00e0 dispensers.<\/p>\n<p>&nbsp;<\/p>\n<p>Peso: 1,2 Kg<\/p>\n<p>Medidas: (A) 180 mm x (L) 255 mm<\/p>\n","protected":false},"excerpt":{"rendered":"<p>Adapt\u00e1vel \u00e0 dispensers. &nbsp; Peso: 1,2 Kg Medidas: (A) 180 mm x (L) 255 mm<\/p>\n","protected":false},"featured_media":8607,"comment_status":"open","ping_status":"closed","template":"","meta":{"_exactmetrics_skip_tracking":false,"_exactmetrics_sitenote_active":false,"_exactmetrics_sitenote_note":"","_exactmetrics_sitenote_category":0},"product_brand":[],"product_cat":[114],"product_tag":[],"class_list":{"0":"post-8605","1":"product","2":"type-product","3":"status-publish","4":"has-post-thumbnail","6":"product_cat-solucoes-para-abastecimento","8":"first","9":"instock","10":"shipping-taxable","11":"product-type-simple"},"_links":{"self":[{"href":"https:\/\/totallubri.com.br\/index.php?rest_route=\/wp\/v2\/product\/8605","targetHints":{"allow":["GET"]}}],"collection":[{"href":"https:\/\/totallubri.com.br\/index.php?rest_route=\/wp\/v2\/product"}],"about":[{"href":"https:\/\/totallubri.com.br\/index.php?rest_route=\/wp\/v2\/types\/product"}],"replies":[{"embeddable":true,"href":"https:\/\/totallubri.com.br\/index.php?rest_route=%2Fwp%2Fv2%2Fcomments&post=8605"}],"wp:featuredmedia":[{"embeddable":true,"href":"https:\/\/totallubri.com.br\/index.php?rest_route=\/wp\/v2\/media\/8607"}],"wp:attachment":[{"href":"https:\/\/totallubri.com.br\/index.php?rest_route=%2Fwp%2Fv2%2Fmedia&parent=8605"}],"wp:term":[{"taxonomy":"product_brand","embeddable":true,"href":"https:\/\/totallubri.com.br\/index.php?rest_route=%2Fwp%2Fv2%2Fproduct_brand&post=8605"},{"taxonomy":"product_cat","embeddable":true,"href":"https:\/\/totallubri.com.br\/index.php?rest_route=%2Fwp%2Fv2%2Fproduct_cat&post=8605"},{"taxonomy":"product_tag","embeddable":true,"href":"https:\/\/totallubri.com.br\/index.php?rest_route=%2Fwp%2Fv2%2Fproduct_tag&post=8605"}],"curies":[{"name":"wp","href":"https:\/\/api.w.org\/{rel}","templated":true}]}}