{"id":8616,"date":"2024-04-01T16:22:53","date_gmt":"2024-04-01T19:22:53","guid":{"rendered":"https:\/\/totallubri.com.br\/?post_type=product&#038;p=8616"},"modified":"2025-05-02T11:48:37","modified_gmt":"2025-05-02T14:48:37","slug":"7002-sp-bomba-manual-de-pedal","status":"publish","type":"product","link":"https:\/\/totallubri.com.br\/?product=7002-sp-bomba-manual-de-pedal","title":{"rendered":"7002-SP BOMBA MANUAL DE PEDAL-SAMOA"},"content":{"rendered":"<p>Em chapa de a\u00e7o, \u00e0 prova de vazamento, alta press\u00e3o, com v\u00e1lvula purgadora de ar.<\/p>\n<p>&nbsp;<\/p>\n<p>Peso: 10,7 Kg<\/p>\n<p>Medidas: (A) 830 mm x (L) 560 mm<\/p>\n","protected":false},"excerpt":{"rendered":"<p>Em chapa de a\u00e7o, \u00e0 prova de vazamento, alta press\u00e3o, com v\u00e1lvula purgadora de ar. &nbsp; Peso: 10,7 Kg Medidas: (A) 830 mm x (L) 560 mm<\/p>\n","protected":false},"featured_media":8618,"comment_status":"open","ping_status":"closed","template":"","meta":{"_exactmetrics_skip_tracking":false,"_exactmetrics_sitenote_active":false,"_exactmetrics_sitenote_note":"","_exactmetrics_sitenote_category":0},"product_brand":[],"product_cat":[99],"product_tag":[],"class_list":{"0":"post-8616","1":"product","2":"type-product","3":"status-publish","4":"has-post-thumbnail","6":"product_cat-bomba-manual-para-liquidos","8":"first","9":"instock","10":"shipping-taxable","11":"product-type-simple"},"_links":{"self":[{"href":"https:\/\/totallubri.com.br\/index.php?rest_route=\/wp\/v2\/product\/8616","targetHints":{"allow":["GET"]}}],"collection":[{"href":"https:\/\/totallubri.com.br\/index.php?rest_route=\/wp\/v2\/product"}],"about":[{"href":"https:\/\/totallubri.com.br\/index.php?rest_route=\/wp\/v2\/types\/product"}],"replies":[{"embeddable":true,"href":"https:\/\/totallubri.com.br\/index.php?rest_route=%2Fwp%2Fv2%2Fcomments&post=8616"}],"wp:featuredmedia":[{"embeddable":true,"href":"https:\/\/totallubri.com.br\/index.php?rest_route=\/wp\/v2\/media\/8618"}],"wp:attachment":[{"href":"https:\/\/totallubri.com.br\/index.php?rest_route=%2Fwp%2Fv2%2Fmedia&parent=8616"}],"wp:term":[{"taxonomy":"product_brand","embeddable":true,"href":"https:\/\/totallubri.com.br\/index.php?rest_route=%2Fwp%2Fv2%2Fproduct_brand&post=8616"},{"taxonomy":"product_cat","embeddable":true,"href":"https:\/\/totallubri.com.br\/index.php?rest_route=%2Fwp%2Fv2%2Fproduct_cat&post=8616"},{"taxonomy":"product_tag","embeddable":true,"href":"https:\/\/totallubri.com.br\/index.php?rest_route=%2Fwp%2Fv2%2Fproduct_tag&post=8616"}],"curies":[{"name":"wp","href":"https:\/\/api.w.org\/{rel}","templated":true}]}}