{"id":8625,"date":"2024-04-03T16:31:18","date_gmt":"2024-04-03T19:31:18","guid":{"rendered":"https:\/\/totallubri.com.br\/?post_type=product&#038;p=8625"},"modified":"2025-05-02T11:44:00","modified_gmt":"2025-05-02T14:44:00","slug":"7020w-h","status":"publish","type":"product","link":"https:\/\/totallubri.com.br\/?product=7020w-h","title":{"rendered":"7020W-H \u2013 BOMBA MANUAL PARA TRABALHOS PESADOS GRAXA- LUPUS"},"content":{"rendered":"<p>Em chapa de a\u00e7o, com mangueira, registro, extens\u00e3o r\u00edgida, acoplador de 4 castanhas, tampa para inspe\u00e7\u00e3o e pino graxeiro para abastecimento.<\/p>\n<p>OBS: Com reten\u00e7\u00e3o<\/p>\n<p>Peso: 8,5 Kg<\/p>\n<p>Medidas: (C) 400 mm x (L) 200 mm x (A) 580 mm<\/p>\n<h2>Informa\u00e7\u00e3o adicional<\/h2>\n<table class=\"woocommerce-product-attributes shop_attributes\">\n<tbody>\n<tr class=\"woocommerce-product-attributes-item woocommerce-product-attributes-item--attribute_pa_capacidade\">\n<th class=\"woocommerce-product-attributes-item__label\">Capacidade<\/th>\n<td class=\"woocommerce-product-attributes-item__value\">20 Kg<\/td>\n<\/tr>\n<tr class=\"woocommerce-product-attributes-item woocommerce-product-attributes-item--attribute_pa_vazao-livre\">\n<th class=\"woocommerce-product-attributes-item__label\">Vaz\u00e3o livre<\/th>\n<td class=\"woocommerce-product-attributes-item__value\">12 g \/ ciclo<\/td>\n<\/tr>\n<tr class=\"woocommerce-product-attributes-item woocommerce-product-attributes-item--attribute_pa_pressao-max-de-operacao\">\n<th class=\"woocommerce-product-attributes-item__label\">Press\u00e3o m\u00e1x. de opera\u00e7\u00e3o<\/th>\n<td class=\"woocommerce-product-attributes-item__value\">4.800 psi<\/td>\n<\/tr>\n<tr class=\"woocommerce-product-attributes-item woocommerce-product-attributes-item--attribute_pa_mangueira\">\n<th class=\"woocommerce-product-attributes-item__label\">Mangueira<\/th>\n<td class=\"woocommerce-product-attributes-item__value\">1,50 m<\/td>\n<\/tr>\n<\/tbody>\n<\/table>\n","protected":false},"excerpt":{"rendered":"<p>Em chapa de a\u00e7o, com mangueira, registro, extens\u00e3o r\u00edgida, acoplador de 4 castanhas, tampa para inspe\u00e7\u00e3o e pino graxeiro para abastecimento. OBS: Com reten\u00e7\u00e3o Peso: 8,5 Kg Medidas: (C) 400 mm x (L) 200 mm x (A) 580 mm Informa\u00e7\u00e3o adicional Capacidade 20 Kg Vaz\u00e3o livre 12 g \/ ciclo Press\u00e3o m\u00e1x. de opera\u00e7\u00e3o 4.800 [&hellip;]<\/p>\n","protected":false},"featured_media":8626,"comment_status":"open","ping_status":"closed","template":"","meta":{"_exactmetrics_skip_tracking":false,"_exactmetrics_sitenote_active":false,"_exactmetrics_sitenote_note":"","_exactmetrics_sitenote_category":0},"product_brand":[],"product_cat":[99],"product_tag":[],"class_list":{"0":"post-8625","1":"product","2":"type-product","3":"status-publish","4":"has-post-thumbnail","6":"product_cat-bomba-manual-para-liquidos","8":"first","9":"instock","10":"shipping-taxable","11":"product-type-simple"},"_links":{"self":[{"href":"https:\/\/totallubri.com.br\/index.php?rest_route=\/wp\/v2\/product\/8625","targetHints":{"allow":["GET"]}}],"collection":[{"href":"https:\/\/totallubri.com.br\/index.php?rest_route=\/wp\/v2\/product"}],"about":[{"href":"https:\/\/totallubri.com.br\/index.php?rest_route=\/wp\/v2\/types\/product"}],"replies":[{"embeddable":true,"href":"https:\/\/totallubri.com.br\/index.php?rest_route=%2Fwp%2Fv2%2Fcomments&post=8625"}],"wp:featuredmedia":[{"embeddable":true,"href":"https:\/\/totallubri.com.br\/index.php?rest_route=\/wp\/v2\/media\/8626"}],"wp:attachment":[{"href":"https:\/\/totallubri.com.br\/index.php?rest_route=%2Fwp%2Fv2%2Fmedia&parent=8625"}],"wp:term":[{"taxonomy":"product_brand","embeddable":true,"href":"https:\/\/totallubri.com.br\/index.php?rest_route=%2Fwp%2Fv2%2Fproduct_brand&post=8625"},{"taxonomy":"product_cat","embeddable":true,"href":"https:\/\/totallubri.com.br\/index.php?rest_route=%2Fwp%2Fv2%2Fproduct_cat&post=8625"},{"taxonomy":"product_tag","embeddable":true,"href":"https:\/\/totallubri.com.br\/index.php?rest_route=%2Fwp%2Fv2%2Fproduct_tag&post=8625"}],"curies":[{"name":"wp","href":"https:\/\/api.w.org\/{rel}","templated":true}]}}