{"id":8634,"date":"2024-04-03T16:47:12","date_gmt":"2024-04-03T19:47:12","guid":{"rendered":"https:\/\/totallubri.com.br\/?post_type=product&#038;p=8634"},"modified":"2025-05-02T11:41:14","modified_gmt":"2025-05-02T14:41:14","slug":"7013w-bomba-manual-com-carrinho","status":"publish","type":"product","link":"https:\/\/totallubri.com.br\/?product=7013w-bomba-manual-com-carrinho","title":{"rendered":"7013W \u2013 BOMBA MANUAL COM CARRINHO-LUPUS"},"content":{"rendered":"<p>Em a\u00e7o, com rod\u00edzios e mangueira para alta press\u00e3o.<\/p>\n<p>&nbsp;<\/p>\n<p>Peso: 9,5 Kg<\/p>\n<p>Medidas: (C) 330 mm x (L) 310 mm x (A) 650 mm<\/p>\n","protected":false},"excerpt":{"rendered":"<p>Em a\u00e7o, com rod\u00edzios e mangueira para alta press\u00e3o. &nbsp; Peso: 9,5 Kg Medidas: (C) 330 mm x (L) 310 mm x (A) 650 mm<\/p>\n","protected":false},"featured_media":8635,"comment_status":"open","ping_status":"closed","template":"","meta":{"_exactmetrics_skip_tracking":false,"_exactmetrics_sitenote_active":false,"_exactmetrics_sitenote_note":"","_exactmetrics_sitenote_category":0},"product_brand":[],"product_cat":[99],"product_tag":[],"class_list":{"0":"post-8634","1":"product","2":"type-product","3":"status-publish","4":"has-post-thumbnail","6":"product_cat-bomba-manual-para-liquidos","8":"first","9":"instock","10":"shipping-taxable","11":"product-type-simple"},"_links":{"self":[{"href":"https:\/\/totallubri.com.br\/index.php?rest_route=\/wp\/v2\/product\/8634","targetHints":{"allow":["GET"]}}],"collection":[{"href":"https:\/\/totallubri.com.br\/index.php?rest_route=\/wp\/v2\/product"}],"about":[{"href":"https:\/\/totallubri.com.br\/index.php?rest_route=\/wp\/v2\/types\/product"}],"replies":[{"embeddable":true,"href":"https:\/\/totallubri.com.br\/index.php?rest_route=%2Fwp%2Fv2%2Fcomments&post=8634"}],"wp:featuredmedia":[{"embeddable":true,"href":"https:\/\/totallubri.com.br\/index.php?rest_route=\/wp\/v2\/media\/8635"}],"wp:attachment":[{"href":"https:\/\/totallubri.com.br\/index.php?rest_route=%2Fwp%2Fv2%2Fmedia&parent=8634"}],"wp:term":[{"taxonomy":"product_brand","embeddable":true,"href":"https:\/\/totallubri.com.br\/index.php?rest_route=%2Fwp%2Fv2%2Fproduct_brand&post=8634"},{"taxonomy":"product_cat","embeddable":true,"href":"https:\/\/totallubri.com.br\/index.php?rest_route=%2Fwp%2Fv2%2Fproduct_cat&post=8634"},{"taxonomy":"product_tag","embeddable":true,"href":"https:\/\/totallubri.com.br\/index.php?rest_route=%2Fwp%2Fv2%2Fproduct_tag&post=8634"}],"curies":[{"name":"wp","href":"https:\/\/api.w.org\/{rel}","templated":true}]}}