{"id":8789,"date":"2024-04-09T15:02:46","date_gmt":"2024-04-09T18:02:46","guid":{"rendered":"https:\/\/totallubri.com.br\/?post_type=product&#038;p=8789"},"modified":"2025-04-25T17:54:33","modified_gmt":"2025-04-25T20:54:33","slug":"9162w-unidade-de-abastecimento-ibc-pro","status":"publish","type":"product","link":"https:\/\/totallubri.com.br\/?product=9162w-unidade-de-abastecimento-ibc-pro","title":{"rendered":"9162W UNIDADE DE ABASTECIMENTO IBC PRO-LUPUS"},"content":{"rendered":"<p>Reservat\u00f3rio em polietileno e porta-palete em a\u00e7o (IBC), com bomba de diafragma, suporte para fixa\u00e7\u00e3o, mangueiras, bico de abastecimento, interruptor on\/off, conex\u00e3o selada e conex\u00f5es.<\/p>\n<p>Peso: 92 Kg<\/p>\n<p>Medidas: (A) 1165 mm x (L) 1000 mm x (C) 1210 mm<\/p>\n<p>OBS: ITEM MONTADO SOB ENCOMENDA &#8211; CONSULTAR VENDEDORES<\/p>\n<p>&nbsp;<\/p>\n","protected":false},"excerpt":{"rendered":"<p>Reservat\u00f3rio em polietileno e porta-palete em a\u00e7o (IBC), com bomba de diafragma, suporte para fixa\u00e7\u00e3o, mangueiras, bico de abastecimento, interruptor on\/off, conex\u00e3o selada e conex\u00f5es. Peso: 92 Kg Medidas: (A) 1165 mm x (L) 1000 mm x (C) 1210 mm OBS: ITEM MONTADO SOB ENCOMENDA &#8211; CONSULTAR VENDEDORES &nbsp;<\/p>\n","protected":false},"featured_media":15686,"comment_status":"open","ping_status":"closed","template":"","meta":{"_exactmetrics_skip_tracking":false,"_exactmetrics_sitenote_active":false,"_exactmetrics_sitenote_note":"","_exactmetrics_sitenote_category":0},"product_brand":[],"product_cat":[119],"product_tag":[],"class_list":{"0":"post-8789","1":"product","2":"type-product","3":"status-publish","4":"has-post-thumbnail","6":"product_cat-unidade-de-abastecimento-pneumatica","8":"first","9":"instock","10":"shipping-taxable","11":"product-type-simple"},"_links":{"self":[{"href":"https:\/\/totallubri.com.br\/index.php?rest_route=\/wp\/v2\/product\/8789","targetHints":{"allow":["GET"]}}],"collection":[{"href":"https:\/\/totallubri.com.br\/index.php?rest_route=\/wp\/v2\/product"}],"about":[{"href":"https:\/\/totallubri.com.br\/index.php?rest_route=\/wp\/v2\/types\/product"}],"replies":[{"embeddable":true,"href":"https:\/\/totallubri.com.br\/index.php?rest_route=%2Fwp%2Fv2%2Fcomments&post=8789"}],"wp:featuredmedia":[{"embeddable":true,"href":"https:\/\/totallubri.com.br\/index.php?rest_route=\/wp\/v2\/media\/15686"}],"wp:attachment":[{"href":"https:\/\/totallubri.com.br\/index.php?rest_route=%2Fwp%2Fv2%2Fmedia&parent=8789"}],"wp:term":[{"taxonomy":"product_brand","embeddable":true,"href":"https:\/\/totallubri.com.br\/index.php?rest_route=%2Fwp%2Fv2%2Fproduct_brand&post=8789"},{"taxonomy":"product_cat","embeddable":true,"href":"https:\/\/totallubri.com.br\/index.php?rest_route=%2Fwp%2Fv2%2Fproduct_cat&post=8789"},{"taxonomy":"product_tag","embeddable":true,"href":"https:\/\/totallubri.com.br\/index.php?rest_route=%2Fwp%2Fv2%2Fproduct_tag&post=8789"}],"curies":[{"name":"wp","href":"https:\/\/api.w.org\/{rel}","templated":true}]}}