{"id":8825,"date":"2024-04-10T16:15:21","date_gmt":"2024-04-10T19:15:21","guid":{"rendered":"https:\/\/totallubri.com.br\/?post_type=product&#038;p=8825"},"modified":"2024-11-22T17:38:51","modified_gmt":"2024-11-22T20:38:51","slug":"3018-carretel-automatico-blindado-com-mangueira-para-ar-comprimido","status":"publish","type":"product","link":"https:\/\/totallubri.com.br\/?product=3018-carretel-automatico-blindado-com-mangueira-para-ar-comprimido","title":{"rendered":"3018 \u2013 CARRETEL AUTOMATICO BLINDADO COM MANGUEIRA PARA AR COMPRIMIDO-LUPUS"},"content":{"rendered":"<p>Em polipropileno, com base simples e retra\u00e7\u00e3o autom\u00e1tica. Montado com mangueira, indicado para ar comprimido.<\/p>\n<p>&nbsp;<\/p>\n<p>Peso: 6,3 Kg<\/p>\n<p>Medidas: (C) 480 mm x (L) 160 mm x (A) 350 mm<\/p>\n","protected":false},"excerpt":{"rendered":"<p>Em polipropileno, com base simples e retra\u00e7\u00e3o autom\u00e1tica. Montado com mangueira, indicado para ar comprimido. &nbsp; Peso: 6,3 Kg Medidas: (C) 480 mm x (L) 160 mm x (A) 350 mm<\/p>\n","protected":false},"featured_media":8821,"comment_status":"open","ping_status":"closed","template":"","meta":{"_exactmetrics_skip_tracking":false,"_exactmetrics_sitenote_active":false,"_exactmetrics_sitenote_note":"","_exactmetrics_sitenote_category":0},"product_brand":[],"product_cat":[100],"product_tag":[],"class_list":{"0":"post-8825","1":"product","2":"type-product","3":"status-publish","4":"has-post-thumbnail","6":"product_cat-carretel-retratil","8":"first","9":"instock","10":"shipping-taxable","11":"product-type-simple"},"_links":{"self":[{"href":"https:\/\/totallubri.com.br\/index.php?rest_route=\/wp\/v2\/product\/8825","targetHints":{"allow":["GET"]}}],"collection":[{"href":"https:\/\/totallubri.com.br\/index.php?rest_route=\/wp\/v2\/product"}],"about":[{"href":"https:\/\/totallubri.com.br\/index.php?rest_route=\/wp\/v2\/types\/product"}],"replies":[{"embeddable":true,"href":"https:\/\/totallubri.com.br\/index.php?rest_route=%2Fwp%2Fv2%2Fcomments&post=8825"}],"wp:featuredmedia":[{"embeddable":true,"href":"https:\/\/totallubri.com.br\/index.php?rest_route=\/wp\/v2\/media\/8821"}],"wp:attachment":[{"href":"https:\/\/totallubri.com.br\/index.php?rest_route=%2Fwp%2Fv2%2Fmedia&parent=8825"}],"wp:term":[{"taxonomy":"product_brand","embeddable":true,"href":"https:\/\/totallubri.com.br\/index.php?rest_route=%2Fwp%2Fv2%2Fproduct_brand&post=8825"},{"taxonomy":"product_cat","embeddable":true,"href":"https:\/\/totallubri.com.br\/index.php?rest_route=%2Fwp%2Fv2%2Fproduct_cat&post=8825"},{"taxonomy":"product_tag","embeddable":true,"href":"https:\/\/totallubri.com.br\/index.php?rest_route=%2Fwp%2Fv2%2Fproduct_tag&post=8825"}],"curies":[{"name":"wp","href":"https:\/\/api.w.org\/{rel}","templated":true}]}}