{"id":8973,"date":"2024-04-16T13:56:48","date_gmt":"2024-04-16T16:56:48","guid":{"rendered":"https:\/\/totallubri.com.br\/?post_type=product&#038;p=8973"},"modified":"2024-12-15T21:58:03","modified_gmt":"2024-12-16T00:58:03","slug":"2100-avpr-adaptador-para-mangueira","status":"publish","type":"product","link":"https:\/\/totallubri.com.br\/?product=2100-avpr-adaptador-para-mangueira","title":{"rendered":"2100-AVPR \u2013 ADAPTADOR PARA MANGUEIRA-LUPUS"},"content":{"rendered":"<p>Em alum\u00ednio, indicado para dispenser que possui o sistema de recupera\u00e7\u00e3o de vapor, assim podendo adaptar a mangueira e gatilho, com o sistema.<\/p>\n<p>&nbsp;<\/p>\n<p>Medidas: (C) 105 mm x (\u00d8) 43 mm<\/p>\n","protected":false},"excerpt":{"rendered":"<p>Em alum\u00ednio, indicado para dispenser que possui o sistema de recupera\u00e7\u00e3o de vapor, assim podendo adaptar a mangueira e gatilho, com o sistema. &nbsp; Medidas: (C) 105 mm x (\u00d8) 43 mm<\/p>\n","protected":false},"featured_media":8974,"comment_status":"open","ping_status":"closed","template":"","meta":{"_exactmetrics_skip_tracking":false,"_exactmetrics_sitenote_active":false,"_exactmetrics_sitenote_note":"","_exactmetrics_sitenote_category":0},"product_brand":[],"product_cat":[97],"product_tag":[],"class_list":{"0":"post-8973","1":"product","2":"type-product","3":"status-publish","4":"has-post-thumbnail","6":"product_cat-mangueiras-terminais-e-acessorios-para-mangueiras","8":"first","9":"instock","10":"shipping-taxable","11":"product-type-simple"},"_links":{"self":[{"href":"https:\/\/totallubri.com.br\/index.php?rest_route=\/wp\/v2\/product\/8973","targetHints":{"allow":["GET"]}}],"collection":[{"href":"https:\/\/totallubri.com.br\/index.php?rest_route=\/wp\/v2\/product"}],"about":[{"href":"https:\/\/totallubri.com.br\/index.php?rest_route=\/wp\/v2\/types\/product"}],"replies":[{"embeddable":true,"href":"https:\/\/totallubri.com.br\/index.php?rest_route=%2Fwp%2Fv2%2Fcomments&post=8973"}],"wp:featuredmedia":[{"embeddable":true,"href":"https:\/\/totallubri.com.br\/index.php?rest_route=\/wp\/v2\/media\/8974"}],"wp:attachment":[{"href":"https:\/\/totallubri.com.br\/index.php?rest_route=%2Fwp%2Fv2%2Fmedia&parent=8973"}],"wp:term":[{"taxonomy":"product_brand","embeddable":true,"href":"https:\/\/totallubri.com.br\/index.php?rest_route=%2Fwp%2Fv2%2Fproduct_brand&post=8973"},{"taxonomy":"product_cat","embeddable":true,"href":"https:\/\/totallubri.com.br\/index.php?rest_route=%2Fwp%2Fv2%2Fproduct_cat&post=8973"},{"taxonomy":"product_tag","embeddable":true,"href":"https:\/\/totallubri.com.br\/index.php?rest_route=%2Fwp%2Fv2%2Fproduct_tag&post=8973"}],"curies":[{"name":"wp","href":"https:\/\/api.w.org\/{rel}","templated":true}]}}