{"id":9113,"date":"2024-04-18T13:16:44","date_gmt":"2024-04-18T16:16:44","guid":{"rendered":"https:\/\/totallubri.com.br\/?post_type=product&#038;p=9113"},"modified":"2025-02-25T09:57:35","modified_gmt":"2025-02-25T12:57:35","slug":"2100-bcb05-bico-automatico-no-pressure-no-flow","status":"publish","type":"product","link":"https:\/\/totallubri.com.br\/?product=2100-bcb05-bico-automatico-no-pressure-no-flow","title":{"rendered":"2100-BCB05 BICO AUTOMATICO NO PRESSURE NO FLOW-LUPUS"},"content":{"rendered":"<p>Corpo em alum\u00ednio, possui exclusivo mecanismo acionado automaticamente quando a bomba de abastecimento \u00e9 ligada, que somente assim libera a passagem e abastecimento do flu\u00eddo. Permitindo maior seguran\u00e7a no abastecimento, evitando derrames no reabastecimento.<\/p>\n<p>Peso: 1,25 Kg<\/p>\n<p>Medidas: (A) 130 mm x (L) 355 mm<\/p>\n<table width=\"742\">\n<tbody>\n<tr>\n<td width=\"245\">CODIGO<\/td>\n<td width=\"98\">PONTEIRAS<\/td>\n<td width=\"71\">VAZAO<\/td>\n<td width=\"130\">PRESSAO<\/td>\n<td width=\"90\">ENTRADA<\/td>\n<td width=\"108\">COR<\/td>\n<\/tr>\n<tr>\n<td>2100-BCB10<\/td>\n<td>1\/2&#8243;<\/td>\n<td>75 L\/M<\/td>\n<td>50 PSI<\/td>\n<td>3\/4&#8243;<\/td>\n<td>ROXO<\/td>\n<\/tr>\n<tr>\n<td>2100-BCB08<\/td>\n<td>1\/2&#8243;<\/td>\n<td>75 L\/M<\/td>\n<td>50 PSI<\/td>\n<td>3\/4&#8243;<\/td>\n<td>AZUL CLARO<\/td>\n<\/tr>\n<tr>\n<td>2100-BCB07<\/td>\n<td>1\/2&#8243;<\/td>\n<td>75 L\/M<\/td>\n<td>50 PSI<\/td>\n<td>3\/4&#8243;<\/td>\n<td>LARANJA<\/td>\n<\/tr>\n<tr>\n<td>2100-BCB06<\/td>\n<td>1\/2&#8243;<\/td>\n<td>75 L\/M<\/td>\n<td>50 PSI<\/td>\n<td>3\/4&#8243;<\/td>\n<td>CINZA<\/td>\n<\/tr>\n<tr>\n<td>2100-BCB05<\/td>\n<td>1\/2&#8243;<\/td>\n<td>75 L\/M<\/td>\n<td>50 PSI<\/td>\n<td>3\/4&#8243;<\/td>\n<td>PRETO<\/td>\n<\/tr>\n<tr>\n<td>2100-BCB04<\/td>\n<td>1\/2&#8243;<\/td>\n<td>75 L\/M<\/td>\n<td>50 PSI<\/td>\n<td>3\/4&#8243;<\/td>\n<td>AMARELO<\/td>\n<\/tr>\n<tr>\n<td>2100-BCB03<\/td>\n<td>1\/2&#8243;<\/td>\n<td>75 L\/M<\/td>\n<td>50 PSI<\/td>\n<td>3\/4&#8243;<\/td>\n<td>AZUL<\/td>\n<\/tr>\n<tr>\n<td>2100-BCB02<\/td>\n<td>1\/2&#8243;<\/td>\n<td>75 L\/M<\/td>\n<td>50 PSI<\/td>\n<td>3\/4&#8243;<\/td>\n<td>VERMELHO<\/td>\n<\/tr>\n<tr>\n<td>2100-BCB01<\/td>\n<td>1\/2&#8243;<\/td>\n<td>75 L\/M<\/td>\n<td>50 PSI<\/td>\n<td>3\/4&#8243;<\/td>\n<td>VERDE<\/td>\n<\/tr>\n<\/tbody>\n<\/table>\n","protected":false},"excerpt":{"rendered":"<p>Corpo em alum\u00ednio, possui exclusivo mecanismo acionado automaticamente quando a bomba de abastecimento \u00e9 ligada, que somente assim libera a passagem e abastecimento do flu\u00eddo. Permitindo maior seguran\u00e7a no abastecimento, evitando derrames no reabastecimento. Peso: 1,25 Kg Medidas: (A) 130 mm x (L) 355 mm CODIGO PONTEIRAS VAZAO PRESSAO ENTRADA COR 2100-BCB10 1\/2&#8243; 75 L\/M [&hellip;]<\/p>\n","protected":false},"featured_media":14846,"comment_status":"open","ping_status":"closed","template":"","meta":{"_exactmetrics_skip_tracking":false,"_exactmetrics_sitenote_active":false,"_exactmetrics_sitenote_note":"","_exactmetrics_sitenote_category":0},"product_brand":[],"product_cat":[106],"product_tag":[],"class_list":{"0":"post-9113","1":"product","2":"type-product","3":"status-publish","4":"has-post-thumbnail","6":"product_cat-bico-de-abastecimento-para-combustiveis","8":"first","9":"instock","10":"shipping-taxable","11":"product-type-simple"},"_links":{"self":[{"href":"https:\/\/totallubri.com.br\/index.php?rest_route=\/wp\/v2\/product\/9113","targetHints":{"allow":["GET"]}}],"collection":[{"href":"https:\/\/totallubri.com.br\/index.php?rest_route=\/wp\/v2\/product"}],"about":[{"href":"https:\/\/totallubri.com.br\/index.php?rest_route=\/wp\/v2\/types\/product"}],"replies":[{"embeddable":true,"href":"https:\/\/totallubri.com.br\/index.php?rest_route=%2Fwp%2Fv2%2Fcomments&post=9113"}],"wp:featuredmedia":[{"embeddable":true,"href":"https:\/\/totallubri.com.br\/index.php?rest_route=\/wp\/v2\/media\/14846"}],"wp:attachment":[{"href":"https:\/\/totallubri.com.br\/index.php?rest_route=%2Fwp%2Fv2%2Fmedia&parent=9113"}],"wp:term":[{"taxonomy":"product_brand","embeddable":true,"href":"https:\/\/totallubri.com.br\/index.php?rest_route=%2Fwp%2Fv2%2Fproduct_brand&post=9113"},{"taxonomy":"product_cat","embeddable":true,"href":"https:\/\/totallubri.com.br\/index.php?rest_route=%2Fwp%2Fv2%2Fproduct_cat&post=9113"},{"taxonomy":"product_tag","embeddable":true,"href":"https:\/\/totallubri.com.br\/index.php?rest_route=%2Fwp%2Fv2%2Fproduct_tag&post=9113"}],"curies":[{"name":"wp","href":"https:\/\/api.w.org\/{rel}","templated":true}]}}