{"id":9153,"date":"2024-04-18T15:40:04","date_gmt":"2024-04-18T18:40:04","guid":{"rendered":"https:\/\/totallubri.com.br\/?post_type=product&#038;p=9153"},"modified":"2024-11-28T11:20:23","modified_gmt":"2024-11-28T14:20:23","slug":"2100-zy-bico-automatico","status":"publish","type":"product","link":"https:\/\/totallubri.com.br\/?product=2100-zy-bico-automatico","title":{"rendered":"2100-ZY \u2013 BICO AUTOMATICO-LUPUS"},"content":{"rendered":"<p>Bico de abastecimento autom\u00e1tico em alum\u00ednio com acabamento em alum\u00ednio anodizado. Para trabalhos pesados.<\/p>\n<p>Acompanha:<br \/>\n\u2013 Girat\u00f3rio<br \/>\n\u2013 Tampa<\/p>\n<p>&nbsp;<\/p>\n<p>Peso: 2,7 kg<br \/>\nMedidas: (C) 378 mm x (L) 127 mm x (A) 219 mm<\/p>\n","protected":false},"excerpt":{"rendered":"<p>Bico de abastecimento autom\u00e1tico em alum\u00ednio com acabamento em alum\u00ednio anodizado. Para trabalhos pesados. Acompanha: \u2013 Girat\u00f3rio \u2013 Tampa &nbsp; Peso: 2,7 kg Medidas: (C) 378 mm x (L) 127 mm x (A) 219 mm<\/p>\n","protected":false},"featured_media":9154,"comment_status":"open","ping_status":"closed","template":"","meta":{"_exactmetrics_skip_tracking":false,"_exactmetrics_sitenote_active":false,"_exactmetrics_sitenote_note":"","_exactmetrics_sitenote_category":0},"product_brand":[],"product_cat":[106],"product_tag":[],"class_list":{"0":"post-9153","1":"product","2":"type-product","3":"status-publish","4":"has-post-thumbnail","6":"product_cat-bico-de-abastecimento-para-combustiveis","8":"first","9":"instock","10":"shipping-taxable","11":"product-type-simple"},"_links":{"self":[{"href":"https:\/\/totallubri.com.br\/index.php?rest_route=\/wp\/v2\/product\/9153","targetHints":{"allow":["GET"]}}],"collection":[{"href":"https:\/\/totallubri.com.br\/index.php?rest_route=\/wp\/v2\/product"}],"about":[{"href":"https:\/\/totallubri.com.br\/index.php?rest_route=\/wp\/v2\/types\/product"}],"replies":[{"embeddable":true,"href":"https:\/\/totallubri.com.br\/index.php?rest_route=%2Fwp%2Fv2%2Fcomments&post=9153"}],"wp:featuredmedia":[{"embeddable":true,"href":"https:\/\/totallubri.com.br\/index.php?rest_route=\/wp\/v2\/media\/9154"}],"wp:attachment":[{"href":"https:\/\/totallubri.com.br\/index.php?rest_route=%2Fwp%2Fv2%2Fmedia&parent=9153"}],"wp:term":[{"taxonomy":"product_brand","embeddable":true,"href":"https:\/\/totallubri.com.br\/index.php?rest_route=%2Fwp%2Fv2%2Fproduct_brand&post=9153"},{"taxonomy":"product_cat","embeddable":true,"href":"https:\/\/totallubri.com.br\/index.php?rest_route=%2Fwp%2Fv2%2Fproduct_cat&post=9153"},{"taxonomy":"product_tag","embeddable":true,"href":"https:\/\/totallubri.com.br\/index.php?rest_route=%2Fwp%2Fv2%2Fproduct_tag&post=9153"}],"curies":[{"name":"wp","href":"https:\/\/api.w.org\/{rel}","templated":true}]}}