{"id":9282,"date":"2024-04-22T16:46:01","date_gmt":"2024-04-22T19:46:01","guid":{"rendered":"https:\/\/totallubri.com.br\/?post_type=product&#038;p=9282"},"modified":"2025-04-29T13:56:20","modified_gmt":"2025-04-29T16:56:20","slug":"2100-vsb-valvula-de-seguranca-breakaway-para-recuperacao-de-vapor","status":"publish","type":"product","link":"https:\/\/totallubri.com.br\/?product=2100-vsb-valvula-de-seguranca-breakaway-para-recuperacao-de-vapor","title":{"rendered":"2100-VSB VALVULA DE SEGURAN\u00c7A BREAKAWAY PARA RECUPERA\u00c7\u00c3O DE VAPOR-LUPUS"},"content":{"rendered":"<p>Em alum\u00ednio e selos em viton proporciona seguran\u00e7a caso haja rompimento da mangueira de abastecimento.<\/p>\n<p>Peso: 0,15 Kg<br \/>\nMedidas: (C) 90 mm x (\u00d8) 43 mm<\/p>\n","protected":false},"excerpt":{"rendered":"<p>Em alum\u00ednio e selos em viton proporciona seguran\u00e7a caso haja rompimento da mangueira de abastecimento. Peso: 0,15 Kg Medidas: (C) 90 mm x (\u00d8) 43 mm<\/p>\n","protected":false},"featured_media":9283,"comment_status":"open","ping_status":"closed","template":"","meta":{"_exactmetrics_skip_tracking":false,"_exactmetrics_sitenote_active":false,"_exactmetrics_sitenote_note":"","_exactmetrics_sitenote_category":0},"product_brand":[],"product_cat":[129],"product_tag":[],"class_list":{"0":"post-9282","1":"product","2":"type-product","3":"status-publish","4":"has-post-thumbnail","6":"product_cat-tampa-camlock-para-acoplador-e-adaptador","8":"first","9":"instock","10":"shipping-taxable","11":"product-type-simple"},"_links":{"self":[{"href":"https:\/\/totallubri.com.br\/index.php?rest_route=\/wp\/v2\/product\/9282","targetHints":{"allow":["GET"]}}],"collection":[{"href":"https:\/\/totallubri.com.br\/index.php?rest_route=\/wp\/v2\/product"}],"about":[{"href":"https:\/\/totallubri.com.br\/index.php?rest_route=\/wp\/v2\/types\/product"}],"replies":[{"embeddable":true,"href":"https:\/\/totallubri.com.br\/index.php?rest_route=%2Fwp%2Fv2%2Fcomments&post=9282"}],"wp:featuredmedia":[{"embeddable":true,"href":"https:\/\/totallubri.com.br\/index.php?rest_route=\/wp\/v2\/media\/9283"}],"wp:attachment":[{"href":"https:\/\/totallubri.com.br\/index.php?rest_route=%2Fwp%2Fv2%2Fmedia&parent=9282"}],"wp:term":[{"taxonomy":"product_brand","embeddable":true,"href":"https:\/\/totallubri.com.br\/index.php?rest_route=%2Fwp%2Fv2%2Fproduct_brand&post=9282"},{"taxonomy":"product_cat","embeddable":true,"href":"https:\/\/totallubri.com.br\/index.php?rest_route=%2Fwp%2Fv2%2Fproduct_cat&post=9282"},{"taxonomy":"product_tag","embeddable":true,"href":"https:\/\/totallubri.com.br\/index.php?rest_route=%2Fwp%2Fv2%2Fproduct_tag&post=9282"}],"curies":[{"name":"wp","href":"https:\/\/api.w.org\/{rel}","templated":true}]}}