{"id":9582,"date":"2024-04-29T09:59:08","date_gmt":"2024-04-29T12:59:08","guid":{"rendered":"https:\/\/totallubri.com.br\/?post_type=product&#038;p=9582"},"modified":"2024-11-30T15:48:01","modified_gmt":"2024-11-30T18:48:01","slug":"2100-dg-medidor-digital","status":"publish","type":"product","link":"https:\/\/totallubri.com.br\/?product=2100-dg-medidor-digital","title":{"rendered":"2100-DG MEDIDOR DIGITAL-LUPUS"},"content":{"rendered":"<p>Em alum\u00ednio, com extens\u00e3o r\u00edgida, acoplador e conex\u00e3o girat\u00f3ria Z.<\/p>\n<p>&nbsp;<\/p>\n<p>Peso: 1,5 Kg<\/p>\n<p>Medidas: (A) 320 mm x (L) 50 mm x (C) 270 mm<\/p>\n","protected":false},"excerpt":{"rendered":"<p>Em alum\u00ednio, com extens\u00e3o r\u00edgida, acoplador e conex\u00e3o girat\u00f3ria Z. &nbsp; Peso: 1,5 Kg Medidas: (A) 320 mm x (L) 50 mm x (C) 270 mm<\/p>\n","protected":false},"featured_media":9583,"comment_status":"open","ping_status":"closed","template":"","meta":{"_exactmetrics_skip_tracking":false,"_exactmetrics_sitenote_active":false,"_exactmetrics_sitenote_note":"","_exactmetrics_sitenote_category":0},"product_brand":[],"product_cat":[108],"product_tag":[],"class_list":{"0":"post-9582","1":"product","2":"type-product","3":"status-publish","4":"has-post-thumbnail","6":"product_cat-medidor-digital","8":"first","9":"instock","10":"shipping-taxable","11":"product-type-simple"},"_links":{"self":[{"href":"https:\/\/totallubri.com.br\/index.php?rest_route=\/wp\/v2\/product\/9582","targetHints":{"allow":["GET"]}}],"collection":[{"href":"https:\/\/totallubri.com.br\/index.php?rest_route=\/wp\/v2\/product"}],"about":[{"href":"https:\/\/totallubri.com.br\/index.php?rest_route=\/wp\/v2\/types\/product"}],"replies":[{"embeddable":true,"href":"https:\/\/totallubri.com.br\/index.php?rest_route=%2Fwp%2Fv2%2Fcomments&post=9582"}],"wp:featuredmedia":[{"embeddable":true,"href":"https:\/\/totallubri.com.br\/index.php?rest_route=\/wp\/v2\/media\/9583"}],"wp:attachment":[{"href":"https:\/\/totallubri.com.br\/index.php?rest_route=%2Fwp%2Fv2%2Fmedia&parent=9582"}],"wp:term":[{"taxonomy":"product_brand","embeddable":true,"href":"https:\/\/totallubri.com.br\/index.php?rest_route=%2Fwp%2Fv2%2Fproduct_brand&post=9582"},{"taxonomy":"product_cat","embeddable":true,"href":"https:\/\/totallubri.com.br\/index.php?rest_route=%2Fwp%2Fv2%2Fproduct_cat&post=9582"},{"taxonomy":"product_tag","embeddable":true,"href":"https:\/\/totallubri.com.br\/index.php?rest_route=%2Fwp%2Fv2%2Fproduct_tag&post=9582"}],"curies":[{"name":"wp","href":"https:\/\/api.w.org\/{rel}","templated":true}]}}