{"id":9841,"date":"2024-05-07T17:35:21","date_gmt":"2024-05-07T20:35:21","guid":{"rendered":"https:\/\/totallubri.com.br\/?post_type=product&#038;p=9841"},"modified":"2024-11-28T17:18:17","modified_gmt":"2024-11-28T20:18:17","slug":"9304-cs-coletor-de-oleo-para-valas","status":"publish","type":"product","link":"https:\/\/totallubri.com.br\/?product=9304-cs-coletor-de-oleo-para-valas","title":{"rendered":"9304-CS COLETOR DE OLEO PARA VALAS-LUPUS"},"content":{"rendered":"<p>Com registro de esfera para esgotamento do reservat\u00f3rio, rodilhos, quebra-ondas na grelha superior e quebra-ondas para decanta\u00e7\u00e3o de part\u00edculas. Unidade para esgotar \u00f3leo usado de diferenciais de caminh\u00e3o e \u00f3leos de motor, transmiss\u00e3o e engrenagem. Para instala\u00e7\u00e3o em valas.<\/p>\n<p>&nbsp;<\/p>\n<p>Peso: 35,5 Kg<\/p>\n<p>Medidas: (A) 270mm x (L) 800\/1200 mm x (C) 605 mm<\/p>\n","protected":false},"excerpt":{"rendered":"<p>Com registro de esfera para esgotamento do reservat\u00f3rio, rodilhos, quebra-ondas na grelha superior e quebra-ondas para decanta\u00e7\u00e3o de part\u00edculas. Unidade para esgotar \u00f3leo usado de diferenciais de caminh\u00e3o e \u00f3leos de motor, transmiss\u00e3o e engrenagem. Para instala\u00e7\u00e3o em valas. &nbsp; Peso: 35,5 Kg Medidas: (A) 270mm x (L) 800\/1200 mm x (C) 605 mm<\/p>\n","protected":false},"featured_media":9839,"comment_status":"open","ping_status":"closed","template":"","meta":{"_exactmetrics_skip_tracking":false,"_exactmetrics_sitenote_active":false,"_exactmetrics_sitenote_note":"","_exactmetrics_sitenote_category":0},"product_brand":[],"product_cat":[107],"product_tag":[],"class_list":{"0":"post-9841","1":"product","2":"type-product","3":"status-publish","4":"has-post-thumbnail","6":"product_cat-equipamentos-para-troca-de-oleo","8":"first","9":"instock","10":"shipping-taxable","11":"product-type-simple"},"_links":{"self":[{"href":"https:\/\/totallubri.com.br\/index.php?rest_route=\/wp\/v2\/product\/9841","targetHints":{"allow":["GET"]}}],"collection":[{"href":"https:\/\/totallubri.com.br\/index.php?rest_route=\/wp\/v2\/product"}],"about":[{"href":"https:\/\/totallubri.com.br\/index.php?rest_route=\/wp\/v2\/types\/product"}],"replies":[{"embeddable":true,"href":"https:\/\/totallubri.com.br\/index.php?rest_route=%2Fwp%2Fv2%2Fcomments&post=9841"}],"wp:featuredmedia":[{"embeddable":true,"href":"https:\/\/totallubri.com.br\/index.php?rest_route=\/wp\/v2\/media\/9839"}],"wp:attachment":[{"href":"https:\/\/totallubri.com.br\/index.php?rest_route=%2Fwp%2Fv2%2Fmedia&parent=9841"}],"wp:term":[{"taxonomy":"product_brand","embeddable":true,"href":"https:\/\/totallubri.com.br\/index.php?rest_route=%2Fwp%2Fv2%2Fproduct_brand&post=9841"},{"taxonomy":"product_cat","embeddable":true,"href":"https:\/\/totallubri.com.br\/index.php?rest_route=%2Fwp%2Fv2%2Fproduct_cat&post=9841"},{"taxonomy":"product_tag","embeddable":true,"href":"https:\/\/totallubri.com.br\/index.php?rest_route=%2Fwp%2Fv2%2Fproduct_tag&post=9841"}],"curies":[{"name":"wp","href":"https:\/\/api.w.org\/{rel}","templated":true}]}}