{"id":9849,"date":"2024-05-07T17:44:35","date_gmt":"2024-05-07T20:44:35","guid":{"rendered":"https:\/\/totallubri.com.br\/?post_type=product&#038;p=9849"},"modified":"2024-12-04T10:49:24","modified_gmt":"2024-12-04T13:49:24","slug":"4500-unidade-de-gerenciamento-e-armazenamento-de-dados-sistema-nexy","status":"publish","type":"product","link":"https:\/\/totallubri.com.br\/?product=4500-unidade-de-gerenciamento-e-armazenamento-de-dados-sistema-nexy","title":{"rendered":"4500 \u2013 UNIDADE DE GERENCIAMENTO E ARMAZENAMENTO DE DADOS SISTEMA NEXY-SAMOA"},"content":{"rendered":"<p>Software para gest\u00e3o e controle total de flu\u00eddos, gerenciamento de opera\u00e7\u00f5es, estoque, usu\u00e1rios estoque e emiss\u00e3o relat\u00f3rios gerenciais. Comunica\u00e7\u00e3o em tempo real de todos os dispositivos interligados por transmiss\u00e3o em dispositivos ligados \u00e0 rede.<\/p>\n<p>&nbsp;<\/p>\n<p>Acompanha: M\u00f3dulo de gerenciamento e comunica\u00e7\u00e3o, respons\u00e1vel por gerenciar a comunica\u00e7\u00e3o de dados do sistema em tempo real, e a interface do sistema a computadores pessoais. Possui um poderoso processador de 2.4Ghz, 4GB Ram com capacidade de 64Gb de armazenamento.<\/p>\n<p>&nbsp;<\/p>\n<p>Peso: 1,1 Kg<\/p>\n<p>Medidas: (C) 153 mm x (L) 98 mm x\u00a0 (A) 42mm<\/p>\n","protected":false},"excerpt":{"rendered":"<p>Software para gest\u00e3o e controle total de flu\u00eddos, gerenciamento de opera\u00e7\u00f5es, estoque, usu\u00e1rios estoque e emiss\u00e3o relat\u00f3rios gerenciais. Comunica\u00e7\u00e3o em tempo real de todos os dispositivos interligados por transmiss\u00e3o em dispositivos ligados \u00e0 rede. &nbsp; Acompanha: M\u00f3dulo de gerenciamento e comunica\u00e7\u00e3o, respons\u00e1vel por gerenciar a comunica\u00e7\u00e3o de dados do sistema em tempo real, e a [&hellip;]<\/p>\n","protected":false},"featured_media":9850,"comment_status":"open","ping_status":"closed","template":"","meta":{"_exactmetrics_skip_tracking":false,"_exactmetrics_sitenote_active":false,"_exactmetrics_sitenote_note":"","_exactmetrics_sitenote_category":0},"product_brand":[],"product_cat":[102],"product_tag":[],"class_list":{"0":"post-9849","1":"product","2":"type-product","3":"status-publish","4":"has-post-thumbnail","6":"product_cat-equipamentos-para-analise-e-medicoes","8":"first","9":"instock","10":"shipping-taxable","11":"product-type-simple"},"_links":{"self":[{"href":"https:\/\/totallubri.com.br\/index.php?rest_route=\/wp\/v2\/product\/9849","targetHints":{"allow":["GET"]}}],"collection":[{"href":"https:\/\/totallubri.com.br\/index.php?rest_route=\/wp\/v2\/product"}],"about":[{"href":"https:\/\/totallubri.com.br\/index.php?rest_route=\/wp\/v2\/types\/product"}],"replies":[{"embeddable":true,"href":"https:\/\/totallubri.com.br\/index.php?rest_route=%2Fwp%2Fv2%2Fcomments&post=9849"}],"wp:featuredmedia":[{"embeddable":true,"href":"https:\/\/totallubri.com.br\/index.php?rest_route=\/wp\/v2\/media\/9850"}],"wp:attachment":[{"href":"https:\/\/totallubri.com.br\/index.php?rest_route=%2Fwp%2Fv2%2Fmedia&parent=9849"}],"wp:term":[{"taxonomy":"product_brand","embeddable":true,"href":"https:\/\/totallubri.com.br\/index.php?rest_route=%2Fwp%2Fv2%2Fproduct_brand&post=9849"},{"taxonomy":"product_cat","embeddable":true,"href":"https:\/\/totallubri.com.br\/index.php?rest_route=%2Fwp%2Fv2%2Fproduct_cat&post=9849"},{"taxonomy":"product_tag","embeddable":true,"href":"https:\/\/totallubri.com.br\/index.php?rest_route=%2Fwp%2Fv2%2Fproduct_tag&post=9849"}],"curies":[{"name":"wp","href":"https:\/\/api.w.org\/{rel}","templated":true}]}}