{"id":9962,"date":"2024-05-08T15:44:39","date_gmt":"2024-05-08T18:44:39","guid":{"rendered":"https:\/\/totallubri.com.br\/?post_type=product&#038;p=9962"},"modified":"2025-01-28T12:53:47","modified_gmt":"2025-01-28T15:53:47","slug":"0392-snow-foam","status":"publish","type":"product","link":"https:\/\/totallubri.com.br\/?product=0392-snow-foam","title":{"rendered":"CANHAO DE ESPUMA SNOW FOAM 0392 -LUPUS"},"content":{"rendered":"<p>O canh\u00e3o de espuma Snow Foam garante efici\u00eancia m\u00e1xima para produzir espuma branca, espessa e em grande quantidade, permitindo que o produto utilizado se fixe sobre a superf\u00edcie, reagindo por mais tempo e removendo sujeiras, como gorduras e outros.<\/p>\n<p>Flu\u00eddo: \u00c1gua e Diversos Flu\u00eddos<\/p>\n<p>Peso: 0,46 kg<br \/>\nMedidas: (\u00d8) 120 mm x (A) 220 mm<\/p>\n","protected":false},"excerpt":{"rendered":"<p>O canh\u00e3o de espuma Snow Foam garante efici\u00eancia m\u00e1xima para produzir espuma branca, espessa e em grande quantidade, permitindo que o produto utilizado se fixe sobre a superf\u00edcie, reagindo por mais tempo e removendo sujeiras, como gorduras e outros. Flu\u00eddo: \u00c1gua e Diversos Flu\u00eddos Peso: 0,46 kg Medidas: (\u00d8) 120 mm x (A) 220 mm<\/p>\n","protected":false},"featured_media":9963,"comment_status":"open","ping_status":"closed","template":"","meta":{"_exactmetrics_skip_tracking":false,"_exactmetrics_sitenote_active":false,"_exactmetrics_sitenote_note":"","_exactmetrics_sitenote_category":0},"product_brand":[],"product_cat":[60],"product_tag":[],"class_list":{"0":"post-9962","1":"product","2":"type-product","3":"status-publish","4":"has-post-thumbnail","6":"product_cat-equiptos-ppostos-de-abastecimento","8":"first","9":"instock","10":"shipping-taxable","11":"product-type-simple"},"_links":{"self":[{"href":"https:\/\/totallubri.com.br\/index.php?rest_route=\/wp\/v2\/product\/9962","targetHints":{"allow":["GET"]}}],"collection":[{"href":"https:\/\/totallubri.com.br\/index.php?rest_route=\/wp\/v2\/product"}],"about":[{"href":"https:\/\/totallubri.com.br\/index.php?rest_route=\/wp\/v2\/types\/product"}],"replies":[{"embeddable":true,"href":"https:\/\/totallubri.com.br\/index.php?rest_route=%2Fwp%2Fv2%2Fcomments&post=9962"}],"wp:featuredmedia":[{"embeddable":true,"href":"https:\/\/totallubri.com.br\/index.php?rest_route=\/wp\/v2\/media\/9963"}],"wp:attachment":[{"href":"https:\/\/totallubri.com.br\/index.php?rest_route=%2Fwp%2Fv2%2Fmedia&parent=9962"}],"wp:term":[{"taxonomy":"product_brand","embeddable":true,"href":"https:\/\/totallubri.com.br\/index.php?rest_route=%2Fwp%2Fv2%2Fproduct_brand&post=9962"},{"taxonomy":"product_cat","embeddable":true,"href":"https:\/\/totallubri.com.br\/index.php?rest_route=%2Fwp%2Fv2%2Fproduct_cat&post=9962"},{"taxonomy":"product_tag","embeddable":true,"href":"https:\/\/totallubri.com.br\/index.php?rest_route=%2Fwp%2Fv2%2Fproduct_tag&post=9962"}],"curies":[{"name":"wp","href":"https:\/\/api.w.org\/{rel}","templated":true}]}}